{"id":85,"date":"2017-12-09T11:01:04","date_gmt":"2017-12-09T11:01:04","guid":{"rendered":"http:\/\/santaceciliadelgrao.com\/?page_id=85"},"modified":"2025-10-31T08:10:43","modified_gmt":"2025-10-31T08:10:43","slug":"banda-titular","status":"publish","type":"page","link":"http:\/\/santaceciliadelgrao.com\/?page_id=85","title":{"rendered":"BANDA SINF\u00d3NICA"},"content":{"rendered":"<p>Desde su creaci\u00f3n, hace m\u00e1s de 40 a\u00f1os, la banda titular de Santa Cecilia del Grao ha ido creciendo como agrupaci\u00f3n tanto en n\u00famero de participantes como en la calidad de sus actuaciones.<\/p>\n<p>Actualmente cuenta con 70 m\u00fasicos y m\u00fasicas que se re\u00fanen cada martes y viernes por la noche para ensayar. Desde hace unos a\u00f1os Adri\u00e0 S\u00e1nchez Castell\u00f3 lleva la batuta de la agrupaci\u00f3n.<\/p>\n<p>A lo largo de estos a\u00f1os la banda titular ha participado en innumerables actos y campa\u00f1as organizados por diferentes entidades, tanto p\u00fablicas como privadas, y tambi\u00e9n en festivales nacionales e internacionales, adem\u00e1s de las tradicionales colaboraciones en las diferentes fiestas de la ciudad. Hay que destacar que en octubre de 2022 ha ganado un primer premio con menci\u00f3n de honor en el Certamen de Bandas de la Diputaci\u00f3n de Val\u00e8ncia celebrado en Liria.<\/p>\n<p>Si eres m\u00fasico o m\u00fasica y deseas unirte a esta gran familia que, a fin de cuentas, es la banda, no dudes en contactar con nosotros.<\/p>\n<p>Los ensayos se llevan a cabo todos los martes, de 20 a 22 h, y los viernes, de 22 h a 24 h, en el local de M\u00e9ndez N\u00fa\u00f1ez.<\/p>\n<p><img loading=\"lazy\" decoding=\"async\" class=\"alignnone size-full wp-image-4105\" src=\"http:\/\/santaceciliadelgrao.com\/wp-content\/uploads\/2025\/10\/Captura2-2.jpg\" alt=\"\" width=\"1325\" height=\"566\" srcset=\"http:\/\/santaceciliadelgrao.com\/wp-content\/uploads\/2025\/10\/Captura2-2.jpg 1325w, http:\/\/santaceciliadelgrao.com\/wp-content\/uploads\/2025\/10\/Captura2-2-300x128.jpg 300w, http:\/\/santaceciliadelgrao.com\/wp-content\/uploads\/2025\/10\/Captura2-2-1024x437.jpg 1024w, http:\/\/santaceciliadelgrao.com\/wp-content\/uploads\/2025\/10\/Captura2-2-768x328.jpg 768w\" sizes=\"auto, (max-width: 1325px) 100vw, 1325px\" \/><\/p>\n","protected":false},"excerpt":{"rendered":"<p>Desde su creaci\u00f3n, hace m\u00e1s de 40 a\u00f1os, la banda titular de Santa Cecilia del Grao ha ido creciendo como agrupaci\u00f3n tanto en n\u00famero de participantes como en la calidad de sus actuaciones. Actualmente cuenta con 70 m\u00fasicos y m\u00fasicas que se re\u00fanen cada martes y viernes por la noche para ensayar. Desde hace unos&hellip; <br \/> <a class=\"button small blue\" href=\"http:\/\/santaceciliadelgrao.com\/?page_id=85\">Read more<\/a><\/p>\n","protected":false},"author":1,"featured_media":0,"parent":0,"menu_order":0,"comment_status":"closed","ping_status":"closed","template":"","meta":{"footnotes":""},"class_list":["post-85","page","type-page","status-publish","hentry"],"_links":{"self":[{"href":"http:\/\/santaceciliadelgrao.com\/index.php?rest_route=\/wp\/v2\/pages\/85","targetHints":{"allow":["GET"]}}],"collection":[{"href":"http:\/\/santaceciliadelgrao.com\/index.php?rest_route=\/wp\/v2\/pages"}],"about":[{"href":"http:\/\/santaceciliadelgrao.com\/index.php?rest_route=\/wp\/v2\/types\/page"}],"author":[{"embeddable":true,"href":"http:\/\/santaceciliadelgrao.com\/index.php?rest_route=\/wp\/v2\/users\/1"}],"replies":[{"embeddable":true,"href":"http:\/\/santaceciliadelgrao.com\/index.php?rest_route=%2Fwp%2Fv2%2Fcomments&post=85"}],"version-history":[{"count":20,"href":"http:\/\/santaceciliadelgrao.com\/index.php?rest_route=\/wp\/v2\/pages\/85\/revisions"}],"predecessor-version":[{"id":4107,"href":"http:\/\/santaceciliadelgrao.com\/index.php?rest_route=\/wp\/v2\/pages\/85\/revisions\/4107"}],"wp:attachment":[{"href":"http:\/\/santaceciliadelgrao.com\/index.php?rest_route=%2Fwp%2Fv2%2Fmedia&parent=85"}],"curies":[{"name":"wp","href":"https:\/\/api.w.org\/{rel}","templated":true}]}}