{"id":61,"date":"2017-12-09T10:26:33","date_gmt":"2017-12-09T10:26:33","guid":{"rendered":"http:\/\/santaceciliadelgrao.com\/?page_id=61"},"modified":"2023-06-07T09:03:20","modified_gmt":"2023-06-07T09:03:20","slug":"coro","status":"publish","type":"page","link":"http:\/\/santaceciliadelgrao.com\/?page_id=61","title":{"rendered":"CORO SCG"},"content":{"rendered":"<p class=\"western\" align=\"justify\"><span style=\"font-weight: 400;\"><img loading=\"lazy\" decoding=\"async\" class=\"alignnone size-full wp-image-2403\" src=\"http:\/\/santaceciliadelgrao.com\/wp-content\/uploads\/2022\/10\/WhatsApp-Image-2022-09-23-at-19.03.57-e1666537228261.jpeg\" alt=\"\" width=\"1024\" height=\"386\" srcset=\"http:\/\/santaceciliadelgrao.com\/wp-content\/uploads\/2022\/10\/WhatsApp-Image-2022-09-23-at-19.03.57-e1666537228261.jpeg 1024w, http:\/\/santaceciliadelgrao.com\/wp-content\/uploads\/2022\/10\/WhatsApp-Image-2022-09-23-at-19.03.57-e1666537228261-300x113.jpeg 300w, http:\/\/santaceciliadelgrao.com\/wp-content\/uploads\/2022\/10\/WhatsApp-Image-2022-09-23-at-19.03.57-e1666537228261-768x290.jpeg 768w\" sizes=\"auto, (max-width: 1024px) 100vw, 1024px\" \/><\/span><\/p>\n<p class=\"western\" align=\"justify\"><span style=\"font-weight: 400;\">E<\/span>l a\u00f1o 1998, un grupo de directivos, socios y socias, padres y madres de alumnos de la escuela de m\u00fasica, familiares y amigos, decidieron reunirse para cantar unos villancicos en el concierto de Navidad bajo la direcci\u00f3n de Gemma Garc\u00eda Cebri\u00e1n, m\u00fasica de la Agrupaci\u00f3n Musical Santa Cec\u00edlia del Grao. Esta idea continu\u00f3 y el coro sigui\u00f3 cantando a\u00f1o tras a\u00f1o en cada concierto de Navidad. La Directiva quiso consolidar y dar continuidad a la formaci\u00f3n coral y, por eso, decidi\u00f3 convertirla en una agrupaci\u00f3n permanente, con ensayos semanales y con m\u00e1s actuaciones adem\u00e1s de la de Navidad.<br \/>\nAs\u00ed, en febrero de 2006 se celebr\u00f3 el primer ensayo de esta nueva agrupaci\u00f3n, con Eva M\u00aa Fayos Blanes i Joaqu\u00edn Calatayud Llobregat, ambos m\u00fasicos de la agrupaci\u00f3n, que se encargaron conjuntamente de la direcci\u00f3n. Enseguida se pusieron a trabajar e invitaron a todos los socios, socias y simpatizantes de la sociedad musical a formar parte del coro. Esta iniciativa tuvo una excelente acogida que, adem\u00e1s, atrajo a nuevos socios.<br \/>\nEn muy poco tiempo se consolid\u00f3 un magn\u00edfico grupo humano que, con much\u00edsima ilusi\u00f3n, esfuerzo y ganas de trabajar por la m\u00fasica, hicieron que el coro tuviera un futuro prometedor.<br \/>\nTransitoriamente, en 2010, asumi\u00f3 la direcci\u00f3n Julia Ruiz Castell, a la cual sigui\u00f3 de nuevo Eva M\u00aa Fayos hasta el 2014. A partir de ese a\u00f1o, hasta el verano de 2022, han dirigido el coro Mar\u00eda Cuenca Juan y Daniel Monteagudo Garc\u00eda. Desde septiembre de 2022 es <strong>directora del coro Miriam N\u00fa\u00f1ez Chapi<\/strong>.<br \/>\nA lo largo de todos estos a\u00f1os la coral ha participado en innumerables encuentros, ciclos y conciertos. La primera actuaci\u00f3n fue el concierto de clausura de la Semana Cultural de nuestra agrupaci\u00f3n en junio de 2006. Desde ese momento ha realizado actuaciones en la semana de fiestas de Santa Cecilia y en Navidad, donde ha compartido protagonismo con la banda titular y la juvenil.<br \/>\nHay que destacar su participaci\u00f3n en ciclos de intercambio de corales en Natzaret, Picanya, Patraix y Benimaclet, as\u00ed como la participaci\u00f3n durante varios a\u00f1os en el Festival \u00c1frica Grita y el concierto que ofreci\u00f3 en el Palau de la M\u00fasica en septiembre de 2014. Tambi\u00e9n ha sido invitado a cantar en varios encuentros corales en Alfara de la Baron\u00eda y en Burriana, y ha participado en el Programa de actividades comarcales con un concierto en los Jardines de Ibiza, en el D\u00eda Internacional de la M\u00fasica de 2016. Adem\u00e1s, organiza desde hace unos a\u00f1os el festival de coros en que participan junto con otras corales amigas.<br \/>\nActualmente, la coral est\u00e1 formada por 24 componentes a los cuales se une ocasionalmente el pianista y alg\u00fan miembro m\u00e1s de la banda titular. Los ensayos se realizan cada martes de 19:30 a 20:30 y viernes de 19:30 a 21:30 en el local de ensayos de M\u00e9ndez N\u00fa\u00f1ez.<\/p>\n<p class=\"western\"><span class=\"sd-abs-pos\" style=\"color: #000000;\"><img loading=\"lazy\" decoding=\"async\" class=\"wp-image-366 aligncenter\" src=\"http:\/\/santaceciliadelgrao.com\/wp-content\/uploads\/2018\/06\/IMG-20171107-WA0066-2.jpg\" alt=\"\" width=\"593\" height=\"396\" srcset=\"http:\/\/santaceciliadelgrao.com\/wp-content\/uploads\/2018\/06\/IMG-20171107-WA0066-2.jpg 1408w, http:\/\/santaceciliadelgrao.com\/wp-content\/uploads\/2018\/06\/IMG-20171107-WA0066-2-300x200.jpg 300w, http:\/\/santaceciliadelgrao.com\/wp-content\/uploads\/2018\/06\/IMG-20171107-WA0066-2-768x513.jpg 768w, http:\/\/santaceciliadelgrao.com\/wp-content\/uploads\/2018\/06\/IMG-20171107-WA0066-2-1024x684.jpg 1024w\" sizes=\"auto, (max-width: 593px) 100vw, 593px\" \/>\u00a0<\/span><\/p>\n<h2><\/h2>\n<h2 class=\"western\"><\/h2>\n","protected":false},"excerpt":{"rendered":"<p>El a\u00f1o 1998, un grupo de directivos, socios y socias, padres y madres de alumnos de la escuela de m\u00fasica, familiares y amigos, decidieron reunirse para cantar unos villancicos en el concierto de Navidad bajo la direcci\u00f3n de Gemma Garc\u00eda Cebri\u00e1n, m\u00fasica de la Agrupaci\u00f3n Musical Santa Cec\u00edlia del Grao. Esta idea continu\u00f3 y el&hellip; <br \/> <a class=\"button small blue\" href=\"http:\/\/santaceciliadelgrao.com\/?page_id=61\">Read more<\/a><\/p>\n","protected":false},"author":1,"featured_media":0,"parent":0,"menu_order":0,"comment_status":"closed","ping_status":"closed","template":"","meta":{"footnotes":""},"class_list":["post-61","page","type-page","status-publish","hentry"],"_links":{"self":[{"href":"http:\/\/santaceciliadelgrao.com\/index.php?rest_route=\/wp\/v2\/pages\/61","targetHints":{"allow":["GET"]}}],"collection":[{"href":"http:\/\/santaceciliadelgrao.com\/index.php?rest_route=\/wp\/v2\/pages"}],"about":[{"href":"http:\/\/santaceciliadelgrao.com\/index.php?rest_route=\/wp\/v2\/types\/page"}],"author":[{"embeddable":true,"href":"http:\/\/santaceciliadelgrao.com\/index.php?rest_route=\/wp\/v2\/users\/1"}],"replies":[{"embeddable":true,"href":"http:\/\/santaceciliadelgrao.com\/index.php?rest_route=%2Fwp%2Fv2%2Fcomments&post=61"}],"version-history":[{"count":12,"href":"http:\/\/santaceciliadelgrao.com\/index.php?rest_route=\/wp\/v2\/pages\/61\/revisions"}],"predecessor-version":[{"id":3049,"href":"http:\/\/santaceciliadelgrao.com\/index.php?rest_route=\/wp\/v2\/pages\/61\/revisions\/3049"}],"wp:attachment":[{"href":"http:\/\/santaceciliadelgrao.com\/index.php?rest_route=%2Fwp%2Fv2%2Fmedia&parent=61"}],"curies":[{"name":"wp","href":"https:\/\/api.w.org\/{rel}","templated":true}]}}