{"id":4362,"date":"2026-03-24T12:43:07","date_gmt":"2026-03-24T12:43:07","guid":{"rendered":"http:\/\/santaceciliadelgrao.com\/?page_id=4362"},"modified":"2026-03-24T12:43:07","modified_gmt":"2026-03-24T12:43:07","slug":"4362-2","status":"publish","type":"page","link":"http:\/\/santaceciliadelgrao.com\/?page_id=4362","title":{"rendered":""},"content":{"rendered":"\n<p><strong>Neus Gurrea Villarreal&nbsp;<\/strong><\/p>\n\n\n\n<p><em>Professora de Flauta<\/em><\/p>\n\n\n\n<p class=\"has-text-align-left\"><\/p>\n\n\n\n<div class=\"wp-block-media-text alignwide is-stacked-on-mobile\" style=\"grid-template-columns:16% auto\"><figure class=\"wp-block-media-text__media\"><img loading=\"lazy\" decoding=\"async\" width=\"280\" height=\"473\" src=\"http:\/\/santaceciliadelgrao.com\/wp-content\/uploads\/2026\/03\/Captura-de-pantalla-2026-03-23-131614.png\" alt=\"\" class=\"wp-image-4323 size-full\" srcset=\"http:\/\/santaceciliadelgrao.com\/wp-content\/uploads\/2026\/03\/Captura-de-pantalla-2026-03-23-131614.png 280w, http:\/\/santaceciliadelgrao.com\/wp-content\/uploads\/2026\/03\/Captura-de-pantalla-2026-03-23-131614-178x300.png 178w\" sizes=\"auto, (max-width: 280px) 100vw, 280px\" \/><\/figure><div class=\"wp-block-media-text__content\">\n<p>Con ocho a\u00f1os empieza sus estudios de flauta en la Agrupaci\u00f3n Musical Santa Cecilia del Grao y despu\u00e9s cursa las Ense\u00f1anzas Profesionales en el Conservatorio Municipal de M\u00fasica Jos\u00e9 Iturbi de Val\u00e8ncia. Actualmente estudia la especialidad de Pedagog\u00eda en el Conservatorio Superior de M\u00fasica Joaqu\u00edn Rodrigo de Val\u00e8ncia.<\/p>\n\n\n\n<p> Tambi\u00e9n cursa desde 2023 el Grado de Traducci\u00f3n y Mediaci\u00f3n Interling\u00fc\u00edstica de la Universitat de Val\u00e8ncia. <\/p>\n\n\n\n<p>Ha recibido clases de Ram\u00f3n Cavero, Luciana Fernunson, Roberto Pasquini, Manuel Guerrero, Paola Fre y Antonio Arias, entre otros.<\/p>\n<\/div><\/div>\n","protected":false},"excerpt":{"rendered":"<p>Neus Gurrea Villarreal&nbsp; Professora de Flauta Con ocho a\u00f1os empieza sus estudios de flauta en la Agrupaci\u00f3n Musical Santa Cecilia del Grao y despu\u00e9s cursa las Ense\u00f1anzas Profesionales en el Conservatorio Municipal de M\u00fasica Jos\u00e9 Iturbi de Val\u00e8ncia. Actualmente estudia la especialidad de Pedagog\u00eda en el Conservatorio Superior de M\u00fasica Joaqu\u00edn Rodrigo de Val\u00e8ncia. Tambi\u00e9n&hellip; <br \/> <a class=\"button small blue\" href=\"http:\/\/santaceciliadelgrao.com\/?page_id=4362\">Read more<\/a><\/p>\n","protected":false},"author":1,"featured_media":0,"parent":0,"menu_order":0,"comment_status":"closed","ping_status":"closed","template":"","meta":{"footnotes":""},"class_list":["post-4362","page","type-page","status-publish","hentry"],"_links":{"self":[{"href":"http:\/\/santaceciliadelgrao.com\/index.php?rest_route=\/wp\/v2\/pages\/4362","targetHints":{"allow":["GET"]}}],"collection":[{"href":"http:\/\/santaceciliadelgrao.com\/index.php?rest_route=\/wp\/v2\/pages"}],"about":[{"href":"http:\/\/santaceciliadelgrao.com\/index.php?rest_route=\/wp\/v2\/types\/page"}],"author":[{"embeddable":true,"href":"http:\/\/santaceciliadelgrao.com\/index.php?rest_route=\/wp\/v2\/users\/1"}],"replies":[{"embeddable":true,"href":"http:\/\/santaceciliadelgrao.com\/index.php?rest_route=%2Fwp%2Fv2%2Fcomments&post=4362"}],"version-history":[{"count":1,"href":"http:\/\/santaceciliadelgrao.com\/index.php?rest_route=\/wp\/v2\/pages\/4362\/revisions"}],"predecessor-version":[{"id":4363,"href":"http:\/\/santaceciliadelgrao.com\/index.php?rest_route=\/wp\/v2\/pages\/4362\/revisions\/4363"}],"wp:attachment":[{"href":"http:\/\/santaceciliadelgrao.com\/index.php?rest_route=%2Fwp%2Fv2%2Fmedia&parent=4362"}],"curies":[{"name":"wp","href":"https:\/\/api.w.org\/{rel}","templated":true}]}}