{"id":4359,"date":"2026-03-24T12:41:15","date_gmt":"2026-03-24T12:41:15","guid":{"rendered":"http:\/\/santaceciliadelgrao.com\/?page_id=4359"},"modified":"2026-03-24T12:41:15","modified_gmt":"2026-03-24T12:41:15","slug":"4359-2","status":"publish","type":"page","link":"http:\/\/santaceciliadelgrao.com\/?page_id=4359","title":{"rendered":""},"content":{"rendered":"\n<p><strong>Neus Gurrea Villarreal\u00a0<\/strong><\/p>\n\n\n\n<p><em>Professora de Flauta<\/em><\/p>\n\n\n\n<p class=\"has-text-align-left\"><\/p>\n\n\n\n<div class=\"wp-block-media-text alignwide is-stacked-on-mobile\" style=\"grid-template-columns:16% auto\"><figure class=\"wp-block-media-text__media\"><img loading=\"lazy\" decoding=\"async\" width=\"280\" height=\"473\" src=\"http:\/\/santaceciliadelgrao.com\/wp-content\/uploads\/2026\/03\/Captura-de-pantalla-2026-03-23-131614.png\" alt=\"\" class=\"wp-image-4323 size-full\" srcset=\"http:\/\/santaceciliadelgrao.com\/wp-content\/uploads\/2026\/03\/Captura-de-pantalla-2026-03-23-131614.png 280w, http:\/\/santaceciliadelgrao.com\/wp-content\/uploads\/2026\/03\/Captura-de-pantalla-2026-03-23-131614-178x300.png 178w\" sizes=\"auto, (max-width: 280px) 100vw, 280px\" \/><\/figure><div class=\"wp-block-media-text__content\">\n<p>Amb huit anys comen\u00e7a els seus estudis de flauta en l&#8217;Agrupaci\u00f3 Musical Santa Cec\u00edlia del Grau i despr\u00e9s cursa les Ensenyances Professionals al Conservatori Municipal de M\u00fasica Jos\u00e9 Iturbi de Val\u00e8ncia. Actualment estudia l&#8217;especialitat de Pedagogia al Conservatori Superior de M\u00fasica Joaqu\u00edn Rodrigo de Val\u00e8ncia.<\/p>\n\n\n\n<p> Tamb\u00e9 cursa des de 2023 el Grau de Traducci\u00f3 i Mediaci\u00f3 Interling\u00fc\u00efstica de la Universitat de Val\u00e8ncia. <\/p>\n\n\n\n<p>Ha rebut classes de Ram\u00f3n Cavero, Luciana Fernunson, Roberto Pasquini, Manuel Guerrero, Paola Fre i Antonio Arias, entre d&#8217;altres.<\/p>\n<\/div><\/div>\n","protected":false},"excerpt":{"rendered":"<p>Neus Gurrea Villarreal\u00a0 Professora de Flauta Amb huit anys comen\u00e7a els seus estudis de flauta en l&#8217;Agrupaci\u00f3 Musical Santa Cec\u00edlia del Grau i despr\u00e9s cursa les Ensenyances Professionals al Conservatori Municipal de M\u00fasica Jos\u00e9 Iturbi de Val\u00e8ncia. Actualment estudia l&#8217;especialitat de Pedagogia al Conservatori Superior de M\u00fasica Joaqu\u00edn Rodrigo de Val\u00e8ncia. Tamb\u00e9 cursa des de&hellip; <br \/> <a class=\"button small blue\" href=\"http:\/\/santaceciliadelgrao.com\/?page_id=4359\">Read more<\/a><\/p>\n","protected":false},"author":1,"featured_media":0,"parent":0,"menu_order":0,"comment_status":"closed","ping_status":"closed","template":"","meta":{"footnotes":""},"class_list":["post-4359","page","type-page","status-publish","hentry"],"_links":{"self":[{"href":"http:\/\/santaceciliadelgrao.com\/index.php?rest_route=\/wp\/v2\/pages\/4359","targetHints":{"allow":["GET"]}}],"collection":[{"href":"http:\/\/santaceciliadelgrao.com\/index.php?rest_route=\/wp\/v2\/pages"}],"about":[{"href":"http:\/\/santaceciliadelgrao.com\/index.php?rest_route=\/wp\/v2\/types\/page"}],"author":[{"embeddable":true,"href":"http:\/\/santaceciliadelgrao.com\/index.php?rest_route=\/wp\/v2\/users\/1"}],"replies":[{"embeddable":true,"href":"http:\/\/santaceciliadelgrao.com\/index.php?rest_route=%2Fwp%2Fv2%2Fcomments&post=4359"}],"version-history":[{"count":2,"href":"http:\/\/santaceciliadelgrao.com\/index.php?rest_route=\/wp\/v2\/pages\/4359\/revisions"}],"predecessor-version":[{"id":4361,"href":"http:\/\/santaceciliadelgrao.com\/index.php?rest_route=\/wp\/v2\/pages\/4359\/revisions\/4361"}],"wp:attachment":[{"href":"http:\/\/santaceciliadelgrao.com\/index.php?rest_route=%2Fwp%2Fv2%2Fmedia&parent=4359"}],"curies":[{"name":"wp","href":"https:\/\/api.w.org\/{rel}","templated":true}]}}