{"id":4193,"date":"2026-03-10T10:31:05","date_gmt":"2026-03-10T10:31:05","guid":{"rendered":"http:\/\/santaceciliadelgrao.com\/?page_id=4193"},"modified":"2026-04-15T06:58:03","modified_gmt":"2026-04-15T06:58:03","slug":"escoleta-de-pascua","status":"publish","type":"page","link":"http:\/\/santaceciliadelgrao.com\/?page_id=4193","title":{"rendered":"Escoleta de Pascua"},"content":{"rendered":"\n<pre class=\"wp-block-preformatted\"><kbd>No dejes a tus hijos e hijas en casa aburridos. Los d\u00edas de Pascua encontrar\u00e1n mucha diversi\u00f3n y m\u00fasica en nuestra escuela. <br><br>                                    \u00a1<strong>NOS VEMOS EN LA PR\u00d3XIMA EDICI\u00d3N!<\/strong><\/kbd><br><br><\/pre>\n\n\n<div class=\"wp-block-image\">\n<figure class=\"aligncenter size-full is-resized\"><img loading=\"lazy\" decoding=\"async\" width=\"495\" height=\"183\" src=\"http:\/\/santaceciliadelgrao.com\/wp-content\/uploads\/2026\/04\/Captura-de-pantalla-2026-04-15-085248.png\" alt=\"\" class=\"wp-image-4411\" style=\"width:496px;height:auto\" srcset=\"http:\/\/santaceciliadelgrao.com\/wp-content\/uploads\/2026\/04\/Captura-de-pantalla-2026-04-15-085248.png 495w, http:\/\/santaceciliadelgrao.com\/wp-content\/uploads\/2026\/04\/Captura-de-pantalla-2026-04-15-085248-300x111.png 300w\" sizes=\"auto, (max-width: 495px) 100vw, 495px\" \/><\/figure>\n<\/div>","protected":false},"excerpt":{"rendered":"<p>No dejes a tus hijos e hijas en casa aburridos. Los d\u00edas de Pascua encontrar\u00e1n mucha diversi\u00f3n y m\u00fasica en nuestra escuela. \u00a1NOS VEMOS EN LA PR\u00d3XIMA EDICI\u00d3N!<\/p>\n","protected":false},"author":1,"featured_media":0,"parent":0,"menu_order":0,"comment_status":"closed","ping_status":"closed","template":"","meta":{"footnotes":""},"class_list":["post-4193","page","type-page","status-publish","hentry"],"_links":{"self":[{"href":"http:\/\/santaceciliadelgrao.com\/index.php?rest_route=\/wp\/v2\/pages\/4193","targetHints":{"allow":["GET"]}}],"collection":[{"href":"http:\/\/santaceciliadelgrao.com\/index.php?rest_route=\/wp\/v2\/pages"}],"about":[{"href":"http:\/\/santaceciliadelgrao.com\/index.php?rest_route=\/wp\/v2\/types\/page"}],"author":[{"embeddable":true,"href":"http:\/\/santaceciliadelgrao.com\/index.php?rest_route=\/wp\/v2\/users\/1"}],"replies":[{"embeddable":true,"href":"http:\/\/santaceciliadelgrao.com\/index.php?rest_route=%2Fwp%2Fv2%2Fcomments&post=4193"}],"version-history":[{"count":5,"href":"http:\/\/santaceciliadelgrao.com\/index.php?rest_route=\/wp\/v2\/pages\/4193\/revisions"}],"predecessor-version":[{"id":4412,"href":"http:\/\/santaceciliadelgrao.com\/index.php?rest_route=\/wp\/v2\/pages\/4193\/revisions\/4412"}],"wp:attachment":[{"href":"http:\/\/santaceciliadelgrao.com\/index.php?rest_route=%2Fwp%2Fv2%2Fmedia&parent=4193"}],"curies":[{"name":"wp","href":"https:\/\/api.w.org\/{rel}","templated":true}]}}