{"id":3416,"date":"2023-11-22T12:53:22","date_gmt":"2023-11-22T12:53:22","guid":{"rendered":"http:\/\/santaceciliadelgrao.com\/?page_id=3416"},"modified":"2023-11-22T12:53:23","modified_gmt":"2023-11-22T12:53:23","slug":"3416-2","status":"publish","type":"page","link":"http:\/\/santaceciliadelgrao.com\/?page_id=3416","title":{"rendered":""},"content":{"rendered":"\n<p><strong>Iv\u00e1n Gregorio&nbsp;<\/strong><\/p>\n\n\n\n<p><em>Professor de Viol\u00ed, Viola i Conjunt Orquestral<\/em><\/p>\n\n\n\n<div class=\"wp-block-media-text alignwide is-stacked-on-mobile\" style=\"grid-template-columns:19% auto\"><figure class=\"wp-block-media-text__media\"><img loading=\"lazy\" decoding=\"async\" width=\"307\" height=\"480\" src=\"http:\/\/santaceciliadelgrao.com\/wp-content\/uploads\/2023\/11\/Captura-de-pantalla-2023-11-22-134807.png\" alt=\"\" class=\"wp-image-3414 size-full\" srcset=\"http:\/\/santaceciliadelgrao.com\/wp-content\/uploads\/2023\/11\/Captura-de-pantalla-2023-11-22-134807.png 307w, http:\/\/santaceciliadelgrao.com\/wp-content\/uploads\/2023\/11\/Captura-de-pantalla-2023-11-22-134807-192x300.png 192w\" sizes=\"auto, (max-width: 307px) 100vw, 307px\" \/><\/figure><div class=\"wp-block-media-text__content\">\n<p><\/p>\n\n\n\n<p>Iv\u00e1n Gregorio inicia sus estudios musicales en el Conservatorio Profesional de M\u00fasica de Elche, en la especialidad de viol\u00edn. En 2011 accede al Conservatorio Superior de M\u00fasica Joaqu\u00edn Rodrigo de Val\u00e8ncia i finaliza los estudios en el a\u00f1o 2015. Actualmente estudia el grado de Psicolog\u00eda en la Universidad Nacional a Distancia (UNED) que compagina con su labor docente en diversas academias.<\/p>\n\n\n\n<p>Ha sido miembro de la Orquesta de J\u00f3venes de la provincia de Alicante con la que ha podido participar en numerosos festivales como en el Schleswig-Holstein Musik Festival. En su etapa acad\u00e9mica recibe masterclass de Andrey Frolov y Andreas Neufeld con los que perfecciona su t\u00e9cnica instrumental.<\/p>\n\n\n\n<p><\/p>\n<\/div><\/div>\n","protected":false},"excerpt":{"rendered":"<p>Iv\u00e1n Gregorio&nbsp; Professor de Viol\u00ed, Viola i Conjunt Orquestral Iv\u00e1n Gregorio inicia sus estudios musicales en el Conservatorio Profesional de M\u00fasica de Elche, en la especialidad de viol\u00edn. En 2011 accede al Conservatorio Superior de M\u00fasica Joaqu\u00edn Rodrigo de Val\u00e8ncia i finaliza los estudios en el a\u00f1o 2015. Actualmente estudia el grado de Psicolog\u00eda en&hellip; <br \/> <a class=\"button small blue\" href=\"http:\/\/santaceciliadelgrao.com\/?page_id=3416\">Read more<\/a><\/p>\n","protected":false},"author":1,"featured_media":0,"parent":0,"menu_order":0,"comment_status":"closed","ping_status":"closed","template":"","meta":{"footnotes":""},"class_list":["post-3416","page","type-page","status-publish","hentry"],"_links":{"self":[{"href":"http:\/\/santaceciliadelgrao.com\/index.php?rest_route=\/wp\/v2\/pages\/3416","targetHints":{"allow":["GET"]}}],"collection":[{"href":"http:\/\/santaceciliadelgrao.com\/index.php?rest_route=\/wp\/v2\/pages"}],"about":[{"href":"http:\/\/santaceciliadelgrao.com\/index.php?rest_route=\/wp\/v2\/types\/page"}],"author":[{"embeddable":true,"href":"http:\/\/santaceciliadelgrao.com\/index.php?rest_route=\/wp\/v2\/users\/1"}],"replies":[{"embeddable":true,"href":"http:\/\/santaceciliadelgrao.com\/index.php?rest_route=%2Fwp%2Fv2%2Fcomments&post=3416"}],"version-history":[{"count":1,"href":"http:\/\/santaceciliadelgrao.com\/index.php?rest_route=\/wp\/v2\/pages\/3416\/revisions"}],"predecessor-version":[{"id":3417,"href":"http:\/\/santaceciliadelgrao.com\/index.php?rest_route=\/wp\/v2\/pages\/3416\/revisions\/3417"}],"wp:attachment":[{"href":"http:\/\/santaceciliadelgrao.com\/index.php?rest_route=%2Fwp%2Fv2%2Fmedia&parent=3416"}],"curies":[{"name":"wp","href":"https:\/\/api.w.org\/{rel}","templated":true}]}}

<p><strong>Iván Gregorio&nbsp;</strong></p>



<p><em>Professor de Violí, Viola i Conjunt Orquestral</em></p>



<div class="wp-block-media-text alignwide is-stacked-on-mobile" style="grid-template-columns:19% auto"><figure class="wp-block-media-text__media"><img loading="lazy" decoding="async" width="307" height="480" src="http://santaceciliadelgrao.com/wp-content/uploads/2023/11/Captura-de-pantalla-2023-11-22-134807.png" alt="" class="wp-image-3414 size-full" srcset="http://santaceciliadelgrao.com/wp-content/uploads/2023/11/Captura-de-pantalla-2023-11-22-134807.png 307w, http://santaceciliadelgrao.com/wp-content/uploads/2023/11/Captura-de-pantalla-2023-11-22-134807-192x300.png 192w" sizes="auto, (max-width: 307px) 100vw, 307px" /></figure><div class="wp-block-media-text__content">
<p></p>



<p>Iván Gregorio inicia sus estudios musicales en el Conservatorio Profesional de Música de Elche, en la especialidad de violín. En 2011 accede al Conservatorio Superior de Música Joaquín Rodrigo de València i finaliza los estudios en el año 2015. Actualmente estudia el grado de Psicología en la Universidad Nacional a Distancia (UNED) que compagina con su labor docente en diversas academias.</p>



<p>Ha sido miembro de la Orquesta de Jóvenes de la provincia de Alicante con la que ha podido participar en numerosos festivales como en el Schleswig-Holstein Musik Festival. En su etapa académica recibe masterclass de Andrey Frolov y Andreas Neufeld con los que perfecciona su técnica instrumental.</p>



<p></p>
</div></div>

<p>Iván Gregorio&nbsp; Professor de Violí, Viola i Conjunt Orquestral Iván Gregorio inicia sus estudios musicales en el Conservatorio Profesional de Música de Elche, en la especialidad de violín. En 2011 accede al Conservatorio Superior de Música Joaquín Rodrigo de València i finaliza los estudios en el año 2015. Actualmente estudia el grado de Psicología en&hellip; <br /> <a class="button small blue" href="http://santaceciliadelgrao.com/?page_id=3416">Read more</a></p>
