{"id":2668,"date":"2022-12-28T17:48:48","date_gmt":"2022-12-28T17:48:48","guid":{"rendered":"http:\/\/santaceciliadelgrao.com\/?page_id=2668"},"modified":"2022-12-28T17:48:49","modified_gmt":"2022-12-28T17:48:49","slug":"2668-2","status":"publish","type":"page","link":"http:\/\/santaceciliadelgrao.com\/?page_id=2668","title":{"rendered":""},"content":{"rendered":"\n<p><strong>H\u00e9ctor Juan Albarrac\u00edn<\/strong><\/p>\n\n\n\n<p><em>Profesor de saxof\u00f3n<\/em><\/p>\n\n\n\n<p class=\"has-text-align-left\"><\/p>\n\n\n\n<div class=\"wp-block-media-text alignwide is-stacked-on-mobile\" style=\"grid-template-columns:25% auto\"><figure class=\"wp-block-media-text__media\"><img loading=\"lazy\" decoding=\"async\" width=\"709\" height=\"808\" src=\"http:\/\/santaceciliadelgrao.com\/wp-content\/uploads\/2022\/11\/Hector-Juan.png\" alt=\"\" class=\"wp-image-2530 size-full\" srcset=\"http:\/\/santaceciliadelgrao.com\/wp-content\/uploads\/2022\/11\/Hector-Juan.png 709w, http:\/\/santaceciliadelgrao.com\/wp-content\/uploads\/2022\/11\/Hector-Juan-263x300.png 263w\" sizes=\"auto, (max-width: 709px) 100vw, 709px\" \/><\/figure><div class=\"wp-block-media-text__content\">\n<p>Titulado en Saxof\u00f3n cl\u00e1sico desde 2001 lleva\u00a0cogido de la mano de la m\u00fasica desde los 8 a\u00f1os.\u00a0Durante su trayectoria ha estudiado con m\u00fasicos\u00a0de la talla de Claude Delange, Xelo Giner, Perico\u00a0Sambeat, Francisco A. Latino, Jerry Bergonzi, Bob\u00a0Mintzer y Bob Stoloff, entre otros.\u00a0Ha realizado cursos de arreglos para <em>big band <\/em>con\u00a0Greg Hopkins de Berklee College of Music.\u00a0<\/p>\n\n\n\n<p>Su inter\u00e9s por el jazz y la m\u00fasica moderna le ha llevado finalmente a formarse en el Conservatorio Superior de M\u00fasica de Val\u00e8ncia y Navarra (grado superior tanto de Interpretaci\u00f3n de jazz como de Pedagog\u00eda del jazz), tras m\u00e1s de 20 a\u00f1os como colaborador habitual de Sedajazz. Tambi\u00e9n ha ejercido de director y arreglista de diferentes proyectos de teatro musical (<em>Grease<\/em>, <em>Sue\u00f1o de una noche de verano <\/em>y <em>Mamma Mia<\/em>, entre otros), improvisaci\u00f3n y de <em>big band<\/em>.&nbsp;<\/p>\n\n\n\n<p>Su labor docente suma ya m\u00e1s de 20 a\u00f1os, lo que permite que sus alumnos se nutran de su amplia visi\u00f3n musical y de su vocaci\u00f3n por la ense\u00f1anza.<\/p>\n<\/div><\/div>\n","protected":false},"excerpt":{"rendered":"<p>H\u00e9ctor Juan Albarrac\u00edn Profesor de saxof\u00f3n Titulado en Saxof\u00f3n cl\u00e1sico desde 2001 lleva\u00a0cogido de la mano de la m\u00fasica desde los 8 a\u00f1os.\u00a0Durante su trayectoria ha estudiado con m\u00fasicos\u00a0de la talla de Claude Delange, Xelo Giner, Perico\u00a0Sambeat, Francisco A. Latino, Jerry Bergonzi, Bob\u00a0Mintzer y Bob Stoloff, entre otros.\u00a0Ha realizado cursos de arreglos para big band&hellip; <br \/> <a class=\"button small blue\" href=\"http:\/\/santaceciliadelgrao.com\/?page_id=2668\">Read more<\/a><\/p>\n","protected":false},"author":1,"featured_media":0,"parent":0,"menu_order":0,"comment_status":"closed","ping_status":"closed","template":"","meta":{"footnotes":""},"class_list":["post-2668","page","type-page","status-publish","hentry"],"_links":{"self":[{"href":"http:\/\/santaceciliadelgrao.com\/index.php?rest_route=\/wp\/v2\/pages\/2668","targetHints":{"allow":["GET"]}}],"collection":[{"href":"http:\/\/santaceciliadelgrao.com\/index.php?rest_route=\/wp\/v2\/pages"}],"about":[{"href":"http:\/\/santaceciliadelgrao.com\/index.php?rest_route=\/wp\/v2\/types\/page"}],"author":[{"embeddable":true,"href":"http:\/\/santaceciliadelgrao.com\/index.php?rest_route=\/wp\/v2\/users\/1"}],"replies":[{"embeddable":true,"href":"http:\/\/santaceciliadelgrao.com\/index.php?rest_route=%2Fwp%2Fv2%2Fcomments&post=2668"}],"version-history":[{"count":1,"href":"http:\/\/santaceciliadelgrao.com\/index.php?rest_route=\/wp\/v2\/pages\/2668\/revisions"}],"predecessor-version":[{"id":2669,"href":"http:\/\/santaceciliadelgrao.com\/index.php?rest_route=\/wp\/v2\/pages\/2668\/revisions\/2669"}],"wp:attachment":[{"href":"http:\/\/santaceciliadelgrao.com\/index.php?rest_route=%2Fwp%2Fv2%2Fmedia&parent=2668"}],"curies":[{"name":"wp","href":"https:\/\/api.w.org\/{rel}","templated":true}]}}