{"id":2633,"date":"2022-12-28T11:06:03","date_gmt":"2022-12-28T11:06:03","guid":{"rendered":"http:\/\/santaceciliadelgrao.com\/?page_id=2633"},"modified":"2022-12-28T11:06:04","modified_gmt":"2022-12-28T11:06:04","slug":"2633-2","status":"publish","type":"page","link":"http:\/\/santaceciliadelgrao.com\/?page_id=2633","title":{"rendered":""},"content":{"rendered":"\n<p><strong>Amparo Lagunas Valero&nbsp;<\/strong><\/p>\n\n\n\n<p><em>Profesora de Trompa y M\u00fasica y Movimient<\/em>o<\/p>\n\n\n\n<p class=\"has-text-align-left\"><\/p>\n\n\n\n<div class=\"wp-block-media-text alignwide is-stacked-on-mobile\" style=\"grid-template-columns:23% auto\"><figure class=\"wp-block-media-text__media\"><img loading=\"lazy\" decoding=\"async\" width=\"152\" height=\"203\" src=\"http:\/\/santaceciliadelgrao.com\/wp-content\/uploads\/2022\/11\/Amparo-Lagura.jpg\" alt=\"\" class=\"wp-image-2522 size-full\"\/><\/figure><div class=\"wp-block-media-text__content\">\n<p>Natural de Mislata (Val\u00e8ncia), inicia sus estudios musicales en su localidad natal con el profesor Miguel Molina, posteriormente obtiene el t\u00edtulo de Profesora de Trompa en el Conservatorio Profesional de M\u00fasica de Val\u00e8ncia con Juan Jos\u00e9 Llimer\u00e1 Dus.&nbsp;<\/p>\n\n\n\n<p>Tras finalizar los estudios profesionales se traslada al Conservatorio Superior de Castell\u00f3n, donde obtiene el t\u00edtulo de Profesora Superior de Trompa de la mano\u00a0de los maestros Miguel Torres y Vicente Navarro.\u00a0<\/p>\n\n\n\n<p>Ha realizado cursos de perfeccionamiento tanto de trompa como de pedagog\u00eda musical con grandes maestros de diferentes pa\u00edses y, as\u00ed, ha conseguido una formaci\u00f3n integral y un equilibrio entre sus cualidades interpretativas y las de transmisi\u00f3n de conocimiento.&nbsp;<\/p>\n\n\n\n<p>Ha sido profesora de Lenguaje Musical, Sensibilizaci\u00f3n Musical, Conjunto Instrumental y Trompa en escuelas de m\u00fasica como las de Mislata, Alaqu\u00e0s, Alfafar, Iale, SMUTF, Malilla, entre otras.<\/p>\n<\/div><\/div>\n","protected":false},"excerpt":{"rendered":"<p>Amparo Lagunas Valero&nbsp; Profesora de Trompa y M\u00fasica y Movimiento Natural de Mislata (Val\u00e8ncia), inicia sus estudios musicales en su localidad natal con el profesor Miguel Molina, posteriormente obtiene el t\u00edtulo de Profesora de Trompa en el Conservatorio Profesional de M\u00fasica de Val\u00e8ncia con Juan Jos\u00e9 Llimer\u00e1 Dus.&nbsp; Tras finalizar los estudios profesionales se traslada&hellip; <br \/> <a class=\"button small blue\" href=\"http:\/\/santaceciliadelgrao.com\/?page_id=2633\">Read more<\/a><\/p>\n","protected":false},"author":1,"featured_media":0,"parent":0,"menu_order":0,"comment_status":"closed","ping_status":"closed","template":"","meta":{"footnotes":""},"class_list":["post-2633","page","type-page","status-publish","hentry"],"_links":{"self":[{"href":"http:\/\/santaceciliadelgrao.com\/index.php?rest_route=\/wp\/v2\/pages\/2633","targetHints":{"allow":["GET"]}}],"collection":[{"href":"http:\/\/santaceciliadelgrao.com\/index.php?rest_route=\/wp\/v2\/pages"}],"about":[{"href":"http:\/\/santaceciliadelgrao.com\/index.php?rest_route=\/wp\/v2\/types\/page"}],"author":[{"embeddable":true,"href":"http:\/\/santaceciliadelgrao.com\/index.php?rest_route=\/wp\/v2\/users\/1"}],"replies":[{"embeddable":true,"href":"http:\/\/santaceciliadelgrao.com\/index.php?rest_route=%2Fwp%2Fv2%2Fcomments&post=2633"}],"version-history":[{"count":1,"href":"http:\/\/santaceciliadelgrao.com\/index.php?rest_route=\/wp\/v2\/pages\/2633\/revisions"}],"predecessor-version":[{"id":2634,"href":"http:\/\/santaceciliadelgrao.com\/index.php?rest_route=\/wp\/v2\/pages\/2633\/revisions\/2634"}],"wp:attachment":[{"href":"http:\/\/santaceciliadelgrao.com\/index.php?rest_route=%2Fwp%2Fv2%2Fmedia&parent=2633"}],"curies":[{"name":"wp","href":"https:\/\/api.w.org\/{rel}","templated":true}]}}

<p><strong>Amparo Lagunas Valero&nbsp;</strong></p>



<p><em>Profesora de Trompa y Música y Movimient</em>o</p>



<p class="has-text-align-left"></p>



<div class="wp-block-media-text alignwide is-stacked-on-mobile" style="grid-template-columns:23% auto"><figure class="wp-block-media-text__media"><img loading="lazy" decoding="async" width="152" height="203" src="http://santaceciliadelgrao.com/wp-content/uploads/2022/11/Amparo-Lagura.jpg" alt="" class="wp-image-2522 size-full"/></figure><div class="wp-block-media-text__content">
<p>Natural de Mislata (València), inicia sus estudios musicales en su localidad natal con el profesor Miguel Molina, posteriormente obtiene el título de Profesora de Trompa en el Conservatorio Profesional de Música de València con Juan José Llimerá Dus.&nbsp;</p>



<p>Tras finalizar los estudios profesionales se traslada al Conservatorio Superior de Castellón, donde obtiene el título de Profesora Superior de Trompa de la mano de los maestros Miguel Torres y Vicente Navarro. </p>



<p>Ha realizado cursos de perfeccionamiento tanto de trompa como de pedagogía musical con grandes maestros de diferentes países y, así, ha conseguido una formación integral y un equilibrio entre sus cualidades interpretativas y las de transmisión de conocimiento.&nbsp;</p>



<p>Ha sido profesora de Lenguaje Musical, Sensibilización Musical, Conjunto Instrumental y Trompa en escuelas de música como las de Mislata, Alaquàs, Alfafar, Iale, SMUTF, Malilla, entre otras.</p>
</div></div>

<p>Amparo Lagunas Valero&nbsp; Profesora de Trompa y Música y Movimiento Natural de Mislata (València), inicia sus estudios musicales en su localidad natal con el profesor Miguel Molina, posteriormente obtiene el título de Profesora de Trompa en el Conservatorio Profesional de Música de València con Juan José Llimerá Dus.&nbsp; Tras finalizar los estudios profesionales se traslada&hellip; <br /> <a class="button small blue" href="http://santaceciliadelgrao.com/?page_id=2633">Read more</a></p>
