{"id":2629,"date":"2022-12-28T11:01:47","date_gmt":"2022-12-28T11:01:47","guid":{"rendered":"http:\/\/santaceciliadelgrao.com\/?page_id=2629"},"modified":"2022-12-28T11:01:48","modified_gmt":"2022-12-28T11:01:48","slug":"2629-2","status":"publish","type":"page","link":"http:\/\/santaceciliadelgrao.com\/?page_id=2629","title":{"rendered":""},"content":{"rendered":"\n<p><strong>Amparo Lagunas Valero&nbsp;<\/strong><\/p>\n\n\n\n<p><em>Professora de Trompa i M\u00fasica i Moviment<\/em><\/p>\n\n\n\n<p class=\"has-text-align-left\"><\/p>\n\n\n\n<div class=\"wp-block-media-text alignwide is-stacked-on-mobile\" style=\"grid-template-columns:23% auto\"><figure class=\"wp-block-media-text__media\"><img loading=\"lazy\" decoding=\"async\" width=\"152\" height=\"203\" src=\"http:\/\/santaceciliadelgrao.com\/wp-content\/uploads\/2022\/11\/Amparo-Lagura.jpg\" alt=\"\" class=\"wp-image-2522 size-full\"\/><\/figure><div class=\"wp-block-media-text__content\">\n<p>Natural de Mislata (Val\u00e8ncia), inicia els seus estudis\u00a0musicals en la seua localitat natal amb el professor Miguel Molina, posteriorment obt\u00e9 el t\u00edtol de Professora\u00a0de Trompa en el Conservatori Professional de M\u00fasica\u00a0de Val\u00e8ncia amb Juan Jos\u00e9 Llimer\u00e1 Dus.\u00a0<\/p>\n\n\n\n<p>Despr\u00e9s de finalitzar els estudis professionals es trasllada al Conservatori Superior de Castell\u00f3, on obt\u00e9\u00a0el t\u00edtol de Professora Superior de Trompa de la m\u00e0\u00a0dels mestres Miguel Torres i Vicente Navarro.\u00a0<\/p>\n\n\n\n<p>Ha realitzat cursos de perfeccionament tant de trompa com de pedagogia musical amb grans mestres de diferents pa\u00efsos i, aix\u00ed, ha aconseguit una formaci\u00f3 integral i un equilibri entre les seues qualitats interpretatives i les de transmissi\u00f3 de coneixement.&nbsp;<\/p>\n\n\n\n<p>Ha sigut professora de Llenguatge Musical, Sensibilitzaci\u00f3 Musical, Conjunt Instrumental i Trompa en escoles de m\u00fasica com les de Mislata, Alaqu\u00e0s, Alfafar, Iale, SMUTF, Malilla, entre d\u2019altres.<\/p>\n<\/div><\/div>\n","protected":false},"excerpt":{"rendered":"<p>Amparo Lagunas Valero&nbsp; Professora de Trompa i M\u00fasica i Moviment Natural de Mislata (Val\u00e8ncia), inicia els seus estudis\u00a0musicals en la seua localitat natal amb el professor Miguel Molina, posteriorment obt\u00e9 el t\u00edtol de Professora\u00a0de Trompa en el Conservatori Professional de M\u00fasica\u00a0de Val\u00e8ncia amb Juan Jos\u00e9 Llimer\u00e1 Dus.\u00a0 Despr\u00e9s de finalitzar els estudis professionals es trasllada&hellip; <br \/> <a class=\"button small blue\" href=\"http:\/\/santaceciliadelgrao.com\/?page_id=2629\">Read more<\/a><\/p>\n","protected":false},"author":1,"featured_media":0,"parent":0,"menu_order":0,"comment_status":"closed","ping_status":"closed","template":"","meta":{"footnotes":""},"class_list":["post-2629","page","type-page","status-publish","hentry"],"_links":{"self":[{"href":"http:\/\/santaceciliadelgrao.com\/index.php?rest_route=\/wp\/v2\/pages\/2629","targetHints":{"allow":["GET"]}}],"collection":[{"href":"http:\/\/santaceciliadelgrao.com\/index.php?rest_route=\/wp\/v2\/pages"}],"about":[{"href":"http:\/\/santaceciliadelgrao.com\/index.php?rest_route=\/wp\/v2\/types\/page"}],"author":[{"embeddable":true,"href":"http:\/\/santaceciliadelgrao.com\/index.php?rest_route=\/wp\/v2\/users\/1"}],"replies":[{"embeddable":true,"href":"http:\/\/santaceciliadelgrao.com\/index.php?rest_route=%2Fwp%2Fv2%2Fcomments&post=2629"}],"version-history":[{"count":2,"href":"http:\/\/santaceciliadelgrao.com\/index.php?rest_route=\/wp\/v2\/pages\/2629\/revisions"}],"predecessor-version":[{"id":2631,"href":"http:\/\/santaceciliadelgrao.com\/index.php?rest_route=\/wp\/v2\/pages\/2629\/revisions\/2631"}],"wp:attachment":[{"href":"http:\/\/santaceciliadelgrao.com\/index.php?rest_route=%2Fwp%2Fv2%2Fmedia&parent=2629"}],"curies":[{"name":"wp","href":"https:\/\/api.w.org\/{rel}","templated":true}]}}

<p><strong>Amparo Lagunas Valero&nbsp;</strong></p>



<p><em>Professora de Trompa i Música i Moviment</em></p>



<p class="has-text-align-left"></p>



<div class="wp-block-media-text alignwide is-stacked-on-mobile" style="grid-template-columns:23% auto"><figure class="wp-block-media-text__media"><img loading="lazy" decoding="async" width="152" height="203" src="http://santaceciliadelgrao.com/wp-content/uploads/2022/11/Amparo-Lagura.jpg" alt="" class="wp-image-2522 size-full"/></figure><div class="wp-block-media-text__content">
<p>Natural de Mislata (València), inicia els seus estudis musicals en la seua localitat natal amb el professor Miguel Molina, posteriorment obté el títol de Professora de Trompa en el Conservatori Professional de Música de València amb Juan José Llimerá Dus. </p>



<p>Després de finalitzar els estudis professionals es trasllada al Conservatori Superior de Castelló, on obté el títol de Professora Superior de Trompa de la mà dels mestres Miguel Torres i Vicente Navarro. </p>



<p>Ha realitzat cursos de perfeccionament tant de trompa com de pedagogia musical amb grans mestres de diferents països i, així, ha aconseguit una formació integral i un equilibri entre les seues qualitats interpretatives i les de transmissió de coneixement.&nbsp;</p>



<p>Ha sigut professora de Llenguatge Musical, Sensibilització Musical, Conjunt Instrumental i Trompa en escoles de música com les de Mislata, Alaquàs, Alfafar, Iale, SMUTF, Malilla, entre d’altres.</p>
</div></div>

<p>Amparo Lagunas Valero&nbsp; Professora de Trompa i Música i Moviment Natural de Mislata (València), inicia els seus estudis musicals en la seua localitat natal amb el professor Miguel Molina, posteriorment obté el títol de Professora de Trompa en el Conservatori Professional de Música de València amb Juan José Llimerá Dus.  Després de finalitzar els estudis professionals es trasllada&hellip; <br /> <a class="button small blue" href="http://santaceciliadelgrao.com/?page_id=2629">Read more</a></p>
