{"id":2623,"date":"2022-12-28T10:52:40","date_gmt":"2022-12-28T10:52:40","guid":{"rendered":"http:\/\/santaceciliadelgrao.com\/?page_id=2623"},"modified":"2023-10-30T10:13:12","modified_gmt":"2023-10-30T10:13:12","slug":"2623-2","status":"publish","type":"page","link":"http:\/\/santaceciliadelgrao.com\/?page_id=2623","title":{"rendered":""},"content":{"rendered":"\n<p><strong>Nuria Moll\u00e1 Garc\u00eda<\/strong> <\/p>\n\n\n\n<p><em>Profesora de Oboe y Lenguaje Musical<\/em><\/p>\n\n\n\n<p class=\"has-text-align-left\"><\/p>\n\n\n\n<div class=\"wp-block-media-text alignwide is-stacked-on-mobile\" style=\"grid-template-columns:23% auto\"><figure class=\"wp-block-media-text__media\"><img loading=\"lazy\" decoding=\"async\" width=\"848\" height=\"1024\" src=\"http:\/\/santaceciliadelgrao.com\/wp-content\/uploads\/2023\/10\/WhatsApp-Image-2023-10-30-at-10.10.59-1.jpeg\" alt=\"\" class=\"wp-image-3332 size-full\" srcset=\"http:\/\/santaceciliadelgrao.com\/wp-content\/uploads\/2023\/10\/WhatsApp-Image-2023-10-30-at-10.10.59-1.jpeg 848w, http:\/\/santaceciliadelgrao.com\/wp-content\/uploads\/2023\/10\/WhatsApp-Image-2023-10-30-at-10.10.59-1-248x300.jpeg 248w, http:\/\/santaceciliadelgrao.com\/wp-content\/uploads\/2023\/10\/WhatsApp-Image-2023-10-30-at-10.10.59-1-768x927.jpeg 768w\" sizes=\"auto, (max-width: 848px) 100vw, 848px\" \/><\/figure><div class=\"wp-block-media-text__content\">\n<p>Inicia sus estudios musicales en nuestra sociedad y a los 8 a\u00f1os empieza en el Conservatorio Profesional Jos\u00e9 Iturbi. En 2019 accede al Conservatorio&nbsp;Superior de M\u00fasica Joaqu\u00edn Rodrigo de Val\u00e8ncia donde cursa la especialidad de interpretaci\u00f3n de oboe.&nbsp;<\/p>\n\n\n\n<p>A lo largo de su formaci\u00f3n ha hecho cursos y clases magistrales con oboistas como Washington Barella, V\u00edctor Manuel \u00c1nchel, Arnaldo di Felice, Francisco&nbsp;Gil, Cayetano Casta\u00f1o\u2026; tambi\u00e9n de m\u00fasica de c\u00e1mara con m\u00fasicos profesionales como los miembros del Quinteto Cuesta.&nbsp;<\/p>\n\n\n\n<p>Ha participado en varios proyectos con el <em>ensemble<\/em> contempor\u00e1neo del CSMV como \u201cM\u00fasica y ciencia\u201d en el Museu de las Ci\u00e8ncies o en el Palau de les Arts en el \u201cMarat\u00f3n Verdi\u201d, donde ha interpretado con el quinteto de viento Divertimento numerosas obras de Verdi. Actualmente imparte clases de Oboe y Lenguaje Musical en nuestra escuela.<\/p>\n<\/div><\/div>\n","protected":false},"excerpt":{"rendered":"<p>Nuria Moll\u00e1 Garc\u00eda Profesora de Oboe y Lenguaje Musical Inicia sus estudios musicales en nuestra sociedad y a los 8 a\u00f1os empieza en el Conservatorio Profesional Jos\u00e9 Iturbi. En 2019 accede al Conservatorio&nbsp;Superior de M\u00fasica Joaqu\u00edn Rodrigo de Val\u00e8ncia donde cursa la especialidad de interpretaci\u00f3n de oboe.&nbsp; A lo largo de su formaci\u00f3n ha hecho&hellip; <br \/> <a class=\"button small blue\" href=\"http:\/\/santaceciliadelgrao.com\/?page_id=2623\">Read more<\/a><\/p>\n","protected":false},"author":1,"featured_media":0,"parent":0,"menu_order":0,"comment_status":"closed","ping_status":"closed","template":"","meta":{"footnotes":""},"class_list":["post-2623","page","type-page","status-publish","hentry"],"_links":{"self":[{"href":"http:\/\/santaceciliadelgrao.com\/index.php?rest_route=\/wp\/v2\/pages\/2623","targetHints":{"allow":["GET"]}}],"collection":[{"href":"http:\/\/santaceciliadelgrao.com\/index.php?rest_route=\/wp\/v2\/pages"}],"about":[{"href":"http:\/\/santaceciliadelgrao.com\/index.php?rest_route=\/wp\/v2\/types\/page"}],"author":[{"embeddable":true,"href":"http:\/\/santaceciliadelgrao.com\/index.php?rest_route=\/wp\/v2\/users\/1"}],"replies":[{"embeddable":true,"href":"http:\/\/santaceciliadelgrao.com\/index.php?rest_route=%2Fwp%2Fv2%2Fcomments&post=2623"}],"version-history":[{"count":3,"href":"http:\/\/santaceciliadelgrao.com\/index.php?rest_route=\/wp\/v2\/pages\/2623\/revisions"}],"predecessor-version":[{"id":3334,"href":"http:\/\/santaceciliadelgrao.com\/index.php?rest_route=\/wp\/v2\/pages\/2623\/revisions\/3334"}],"wp:attachment":[{"href":"http:\/\/santaceciliadelgrao.com\/index.php?rest_route=%2Fwp%2Fv2%2Fmedia&parent=2623"}],"curies":[{"name":"wp","href":"https:\/\/api.w.org\/{rel}","templated":true}]}}

<p><strong>Nuria Mollá García</strong> </p>



<p><em>Profesora de Oboe y Lenguaje Musical</em></p>



<p class="has-text-align-left"></p>



<div class="wp-block-media-text alignwide is-stacked-on-mobile" style="grid-template-columns:23% auto"><figure class="wp-block-media-text__media"><img loading="lazy" decoding="async" width="848" height="1024" src="http://santaceciliadelgrao.com/wp-content/uploads/2023/10/WhatsApp-Image-2023-10-30-at-10.10.59-1.jpeg" alt="" class="wp-image-3332 size-full" srcset="http://santaceciliadelgrao.com/wp-content/uploads/2023/10/WhatsApp-Image-2023-10-30-at-10.10.59-1.jpeg 848w, http://santaceciliadelgrao.com/wp-content/uploads/2023/10/WhatsApp-Image-2023-10-30-at-10.10.59-1-248x300.jpeg 248w, http://santaceciliadelgrao.com/wp-content/uploads/2023/10/WhatsApp-Image-2023-10-30-at-10.10.59-1-768x927.jpeg 768w" sizes="auto, (max-width: 848px) 100vw, 848px" /></figure><div class="wp-block-media-text__content">
<p>Inicia sus estudios musicales en nuestra sociedad y a los 8 años empieza en el Conservatorio Profesional José Iturbi. En 2019 accede al Conservatorio&nbsp;Superior de Música Joaquín Rodrigo de València donde cursa la especialidad de interpretación de oboe.&nbsp;</p>



<p>A lo largo de su formación ha hecho cursos y clases magistrales con oboistas como Washington Barella, Víctor Manuel Ánchel, Arnaldo di Felice, Francisco&nbsp;Gil, Cayetano Castaño…; también de música de cámara con músicos profesionales como los miembros del Quinteto Cuesta.&nbsp;</p>



<p>Ha participado en varios proyectos con el <em>ensemble</em> contemporáneo del CSMV como “Música y ciencia” en el Museu de las Ciències o en el Palau de les Arts en el “Maratón Verdi”, donde ha interpretado con el quinteto de viento Divertimento numerosas obras de Verdi. Actualmente imparte clases de Oboe y Lenguaje Musical en nuestra escuela.</p>
</div></div>

<p>Nuria Mollá García Profesora de Oboe y Lenguaje Musical Inicia sus estudios musicales en nuestra sociedad y a los 8 años empieza en el Conservatorio Profesional José Iturbi. En 2019 accede al Conservatorio&nbsp;Superior de Música Joaquín Rodrigo de València donde cursa la especialidad de interpretación de oboe.&nbsp; A lo largo de su formación ha hecho&hellip; <br /> <a class="button small blue" href="http://santaceciliadelgrao.com/?page_id=2623">Read more</a></p>
