{"id":2582,"date":"2022-11-17T13:10:09","date_gmt":"2022-11-17T13:10:09","guid":{"rendered":"http:\/\/santaceciliadelgrao.com\/?page_id=2582"},"modified":"2022-11-17T13:12:28","modified_gmt":"2022-11-17T13:12:28","slug":"2582-2","status":"publish","type":"page","link":"http:\/\/santaceciliadelgrao.com\/?page_id=2582","title":{"rendered":""},"content":{"rendered":"\n<p><strong>Alba Gim\u00e9nez Nogu\u00e9s\u00a0<\/strong><\/p>\n\n\n\n<p><em>Profesora de Violonchelo y Lenguaje Musical&nbsp;<\/em><\/p>\n\n\n\n<div class=\"wp-block-media-text alignwide is-stacked-on-mobile\" style=\"grid-template-columns:19% auto\"><figure class=\"wp-block-media-text__media\"><img loading=\"lazy\" decoding=\"async\" width=\"129\" height=\"151\" src=\"http:\/\/santaceciliadelgrao.com\/wp-content\/uploads\/2022\/11\/Alba-Gimenez-1.png\" alt=\"\" class=\"wp-image-2505 size-full\"\/><\/figure><div class=\"wp-block-media-text__content\">\n<p>Nace en Carlet en 1998 y all\u00ed inicia sus estudios de violonchelo en la Escuela de M\u00fasica La Art\u00edstica de Carlet. Contin\u00faa el grado profesional en el Conservatorio Perfecto Gracia Chornet de Carlet. En el a\u00f1o 2021 finaliza los estudios superiores de Violonchelo en el Conservatorio Superior de M\u00fasica Joaqu\u00edn Rodrigo de Val\u00e8ncia. Adem\u00e1s, ha recibido clases de profesores de gran prestigio como Josep Trescol\u00ed, Mariano Garc\u00eda, Fernando Arias o Adrian Van Dongen, entre otros.&nbsp;<\/p>\n\n\n\n<p>Ha formado parte de varias agrupaciones de la Comunidad Valenciana como la Joven Orquesta Sinf\u00f3nica de la Federaci\u00f3n de Sociedades Musicales as\u00ed como su banda y la banda de mujeres, la Joven Orquesta de la Generalitat Valenciana, la Joven Orquesta de Castell\u00f3, la Film Orchestra Val\u00e8ncia y la Orquesta de la Ribera.&nbsp;<\/p>\n\n\n\n<p>Actualmente, imparte clases de Violonchelo, Lenguaje Musical, M\u00fasica y Movimiento, Educaci\u00f3n Musical y M\u00fasica en Familia en varias escuelas y academias de Val\u00e8ncia y sus alrededores&nbsp;<\/p>\n<\/div><\/div>\n","protected":false},"excerpt":{"rendered":"<p>Alba Gim\u00e9nez Nogu\u00e9s\u00a0 Profesora de Violonchelo y Lenguaje Musical&nbsp; Nace en Carlet en 1998 y all\u00ed inicia sus estudios de violonchelo en la Escuela de M\u00fasica La Art\u00edstica de Carlet. Contin\u00faa el grado profesional en el Conservatorio Perfecto Gracia Chornet de Carlet. En el a\u00f1o 2021 finaliza los estudios superiores de Violonchelo en el Conservatorio&hellip; <br \/> <a class=\"button small blue\" href=\"http:\/\/santaceciliadelgrao.com\/?page_id=2582\">Read more<\/a><\/p>\n","protected":false},"author":1,"featured_media":0,"parent":0,"menu_order":0,"comment_status":"closed","ping_status":"closed","template":"","meta":{"footnotes":""},"class_list":["post-2582","page","type-page","status-publish","hentry"],"_links":{"self":[{"href":"http:\/\/santaceciliadelgrao.com\/index.php?rest_route=\/wp\/v2\/pages\/2582","targetHints":{"allow":["GET"]}}],"collection":[{"href":"http:\/\/santaceciliadelgrao.com\/index.php?rest_route=\/wp\/v2\/pages"}],"about":[{"href":"http:\/\/santaceciliadelgrao.com\/index.php?rest_route=\/wp\/v2\/types\/page"}],"author":[{"embeddable":true,"href":"http:\/\/santaceciliadelgrao.com\/index.php?rest_route=\/wp\/v2\/users\/1"}],"replies":[{"embeddable":true,"href":"http:\/\/santaceciliadelgrao.com\/index.php?rest_route=%2Fwp%2Fv2%2Fcomments&post=2582"}],"version-history":[{"count":2,"href":"http:\/\/santaceciliadelgrao.com\/index.php?rest_route=\/wp\/v2\/pages\/2582\/revisions"}],"predecessor-version":[{"id":2587,"href":"http:\/\/santaceciliadelgrao.com\/index.php?rest_route=\/wp\/v2\/pages\/2582\/revisions\/2587"}],"wp:attachment":[{"href":"http:\/\/santaceciliadelgrao.com\/index.php?rest_route=%2Fwp%2Fv2%2Fmedia&parent=2582"}],"curies":[{"name":"wp","href":"https:\/\/api.w.org\/{rel}","templated":true}]}}