{"id":2560,"date":"2022-11-17T12:51:12","date_gmt":"2022-11-17T12:51:12","guid":{"rendered":"http:\/\/santaceciliadelgrao.com\/?page_id=2560"},"modified":"2022-11-17T12:51:13","modified_gmt":"2022-11-17T12:51:13","slug":"2560-2","status":"publish","type":"page","link":"http:\/\/santaceciliadelgrao.com\/?page_id=2560","title":{"rendered":""},"content":{"rendered":"\n<p><strong>Paula Arbaiza Balaguer&nbsp;<\/strong><\/p>\n\n\n\n<p><em>Professora de M\u00fasica i Moviment<\/em><\/p>\n\n\n\n<p class=\"has-text-align-left\"><\/p>\n\n\n\n<div class=\"wp-block-media-text alignwide is-stacked-on-mobile\" style=\"grid-template-columns:19% auto\"><figure class=\"wp-block-media-text__media\"><img loading=\"lazy\" decoding=\"async\" width=\"152\" height=\"210\" src=\"http:\/\/santaceciliadelgrao.com\/wp-content\/uploads\/2022\/11\/Paula-Arbaiza.jpg\" alt=\"\" class=\"wp-image-2523 size-full\"\/><\/figure><div class=\"wp-block-media-text__content\">\n<p>Inicia els seus estudis musicals en el Conservatori Jos\u00e9\u00a0Iturbi a l&#8217;edat de 10 anys en l&#8217;especialitat de sax\u00f2fon. M\u00e9s\u00a0tard realitza les proves d&#8217;acc\u00e9s i canvia d&#8217;especialitat a cant.\u00a0<\/p>\n\n\n\n<p>Des dels 11 anys fins als 21 ha sigut cantant en la Coral\u00a0Juan Bautista Comes de Val\u00e8ncia, i ha actuat en\u00a0esdeveniments musicals importants com la Missa d&#8217;Infants.\u00a0<\/p>\n\n\n\n<p>Tamb\u00e9 ha participat en musicals de la m\u00e0 de la directora\u00a0Cristina Contreras i el pianista acompanyant Josep Manel\u00a0Campos, com en <em>Los Miserables<\/em>, <em>El Rey Le\u00f3n<\/em>,\u00a0<em>Mamma Mia<\/em>, entre d\u2019altres..\u00a0<\/p>\n\n\n\n<p>Des de 2018 fins a 2022 ha estat cursant el grau de Magisteri en Educaci\u00f3 Prim\u00e0ria, concretament en l&#8217;especialitat de m\u00fasica.<\/p>\n<\/div><\/div>\n","protected":false},"excerpt":{"rendered":"<p>Paula Arbaiza Balaguer&nbsp; Professora de M\u00fasica i Moviment Inicia els seus estudis musicals en el Conservatori Jos\u00e9\u00a0Iturbi a l&#8217;edat de 10 anys en l&#8217;especialitat de sax\u00f2fon. M\u00e9s\u00a0tard realitza les proves d&#8217;acc\u00e9s i canvia d&#8217;especialitat a cant.\u00a0 Des dels 11 anys fins als 21 ha sigut cantant en la Coral\u00a0Juan Bautista Comes de Val\u00e8ncia, i ha&hellip; <br \/> <a class=\"button small blue\" href=\"http:\/\/santaceciliadelgrao.com\/?page_id=2560\">Read more<\/a><\/p>\n","protected":false},"author":1,"featured_media":0,"parent":0,"menu_order":0,"comment_status":"closed","ping_status":"closed","template":"","meta":{"footnotes":""},"class_list":["post-2560","page","type-page","status-publish","hentry"],"_links":{"self":[{"href":"http:\/\/santaceciliadelgrao.com\/index.php?rest_route=\/wp\/v2\/pages\/2560","targetHints":{"allow":["GET"]}}],"collection":[{"href":"http:\/\/santaceciliadelgrao.com\/index.php?rest_route=\/wp\/v2\/pages"}],"about":[{"href":"http:\/\/santaceciliadelgrao.com\/index.php?rest_route=\/wp\/v2\/types\/page"}],"author":[{"embeddable":true,"href":"http:\/\/santaceciliadelgrao.com\/index.php?rest_route=\/wp\/v2\/users\/1"}],"replies":[{"embeddable":true,"href":"http:\/\/santaceciliadelgrao.com\/index.php?rest_route=%2Fwp%2Fv2%2Fcomments&post=2560"}],"version-history":[{"count":1,"href":"http:\/\/santaceciliadelgrao.com\/index.php?rest_route=\/wp\/v2\/pages\/2560\/revisions"}],"predecessor-version":[{"id":2561,"href":"http:\/\/santaceciliadelgrao.com\/index.php?rest_route=\/wp\/v2\/pages\/2560\/revisions\/2561"}],"wp:attachment":[{"href":"http:\/\/santaceciliadelgrao.com\/index.php?rest_route=%2Fwp%2Fv2%2Fmedia&parent=2560"}],"curies":[{"name":"wp","href":"https:\/\/api.w.org\/{rel}","templated":true}]}}

<p><strong>Paula Arbaiza Balaguer&nbsp;</strong></p>



<p><em>Professora de Música i Moviment</em></p>



<p class="has-text-align-left"></p>



<div class="wp-block-media-text alignwide is-stacked-on-mobile" style="grid-template-columns:19% auto"><figure class="wp-block-media-text__media"><img loading="lazy" decoding="async" width="152" height="210" src="http://santaceciliadelgrao.com/wp-content/uploads/2022/11/Paula-Arbaiza.jpg" alt="" class="wp-image-2523 size-full"/></figure><div class="wp-block-media-text__content">
<p>Inicia els seus estudis musicals en el Conservatori José Iturbi a l&#8217;edat de 10 anys en l&#8217;especialitat de saxòfon. Més tard realitza les proves d&#8217;accés i canvia d&#8217;especialitat a cant. </p>



<p>Des dels 11 anys fins als 21 ha sigut cantant en la Coral Juan Bautista Comes de València, i ha actuat en esdeveniments musicals importants com la Missa d&#8217;Infants. </p>



<p>També ha participat en musicals de la mà de la directora Cristina Contreras i el pianista acompanyant Josep Manel Campos, com en <em>Los Miserables</em>, <em>El Rey León</em>, <em>Mamma Mia</em>, entre d’altres.. </p>



<p>Des de 2018 fins a 2022 ha estat cursant el grau de Magisteri en Educació Primària, concretament en l&#8217;especialitat de música.</p>
</div></div>

<p>Paula Arbaiza Balaguer&nbsp; Professora de Música i Moviment Inicia els seus estudis musicals en el Conservatori José Iturbi a l&#8217;edat de 10 anys en l&#8217;especialitat de saxòfon. Més tard realitza les proves d&#8217;accés i canvia d&#8217;especialitat a cant.  Des dels 11 anys fins als 21 ha sigut cantant en la Coral Juan Bautista Comes de València, i ha&hellip; <br /> <a class="button small blue" href="http://santaceciliadelgrao.com/?page_id=2560">Read more</a></p>
