{"id":2554,"date":"2022-11-17T12:45:43","date_gmt":"2022-11-17T12:45:43","guid":{"rendered":"http:\/\/santaceciliadelgrao.com\/?page_id=2554"},"modified":"2026-03-19T18:50:22","modified_gmt":"2026-03-19T18:50:22","slug":"2554-2","status":"publish","type":"page","link":"http:\/\/santaceciliadelgrao.com\/?page_id=2554","title":{"rendered":""},"content":{"rendered":"\n<p><strong>Carlos Ribes Verdejo<\/strong><\/p>\n\n\n\n<p><em>Profesor de Guitarra&nbsp;<\/em><\/p>\n\n\n\n<p class=\"has-text-align-left\"><\/p>\n\n\n\n<div class=\"wp-block-media-text alignwide is-stacked-on-mobile\" style=\"grid-template-columns:31% auto\"><figure class=\"wp-block-media-text__media\"><img loading=\"lazy\" decoding=\"async\" width=\"466\" height=\"506\" src=\"http:\/\/santaceciliadelgrao.com\/wp-content\/uploads\/2026\/03\/Carlos.jpg\" alt=\"\" class=\"wp-image-4262 size-full\" srcset=\"http:\/\/santaceciliadelgrao.com\/wp-content\/uploads\/2026\/03\/Carlos.jpg 466w, http:\/\/santaceciliadelgrao.com\/wp-content\/uploads\/2026\/03\/Carlos-276x300.jpg 276w\" sizes=\"auto, (max-width: 466px) 100vw, 466px\" \/><\/figure><div class=\"wp-block-media-text__content\">\n<p>Carlos Ribes inicia sus estudios musicales en el Taller de M\u00fasica Jove de Benimaclet, donde obtiene la titulaci\u00f3n de grado profesional en la especialidad de Guitarra. Desde muy joven muestra una gran pasi\u00f3n por la m\u00fasica en directo y, as\u00ed, acumula m\u00e1s de veinticinco a\u00f1os de experiencia sobre los escenarios con diferentes orquestas de verbena y proyectos musicales de estilos diversos.<\/p>\n\n\n\n<p>A lo largo de su trayectoria ha colaborado como guitarrista con numerosos artistas, al tiempo que combina la interpretaci\u00f3n con la docencia musical. Actualmente compagina la docencia con el proyecto Karaoke Party Band, una formaci\u00f3n con la que recorre escenarios de toda Espa\u00f1a ofreciendo espect\u00e1culos participativos y llenos de energ\u00eda.<\/p>\n\n\n\n<p>Paralelamente, contin\u00faa ampliando su formaci\u00f3n acad\u00e9mica cursando el Grado Superior de Sonolog\u00eda en el Conservatorio Superior de M\u00fasica Joaqu\u00edn Rodrigo de Val\u00e8ncia, donde profundiza en el \u00e1mbito del sonido, la producci\u00f3n musical y las tecnolog\u00edas aplicadas a la creaci\u00f3n art\u00edstica.<\/p>\n<\/div><\/div>\n","protected":false},"excerpt":{"rendered":"<p>Carlos Ribes Verdejo Profesor de Guitarra&nbsp; Carlos Ribes inicia sus estudios musicales en el Taller de M\u00fasica Jove de Benimaclet, donde obtiene la titulaci\u00f3n de grado profesional en la especialidad de Guitarra. Desde muy joven muestra una gran pasi\u00f3n por la m\u00fasica en directo y, as\u00ed, acumula m\u00e1s de veinticinco a\u00f1os de experiencia sobre los&hellip; <br \/> <a class=\"button small blue\" href=\"http:\/\/santaceciliadelgrao.com\/?page_id=2554\">Read more<\/a><\/p>\n","protected":false},"author":1,"featured_media":0,"parent":0,"menu_order":0,"comment_status":"closed","ping_status":"closed","template":"","meta":{"footnotes":""},"class_list":["post-2554","page","type-page","status-publish","hentry"],"_links":{"self":[{"href":"http:\/\/santaceciliadelgrao.com\/index.php?rest_route=\/wp\/v2\/pages\/2554","targetHints":{"allow":["GET"]}}],"collection":[{"href":"http:\/\/santaceciliadelgrao.com\/index.php?rest_route=\/wp\/v2\/pages"}],"about":[{"href":"http:\/\/santaceciliadelgrao.com\/index.php?rest_route=\/wp\/v2\/types\/page"}],"author":[{"embeddable":true,"href":"http:\/\/santaceciliadelgrao.com\/index.php?rest_route=\/wp\/v2\/users\/1"}],"replies":[{"embeddable":true,"href":"http:\/\/santaceciliadelgrao.com\/index.php?rest_route=%2Fwp%2Fv2%2Fcomments&post=2554"}],"version-history":[{"count":3,"href":"http:\/\/santaceciliadelgrao.com\/index.php?rest_route=\/wp\/v2\/pages\/2554\/revisions"}],"predecessor-version":[{"id":4263,"href":"http:\/\/santaceciliadelgrao.com\/index.php?rest_route=\/wp\/v2\/pages\/2554\/revisions\/4263"}],"wp:attachment":[{"href":"http:\/\/santaceciliadelgrao.com\/index.php?rest_route=%2Fwp%2Fv2%2Fmedia&parent=2554"}],"curies":[{"name":"wp","href":"https:\/\/api.w.org\/{rel}","templated":true}]}}

<p><strong>Carlos Ribes Verdejo</strong></p>



<p><em>Profesor de Guitarra&nbsp;</em></p>



<p class="has-text-align-left"></p>



<div class="wp-block-media-text alignwide is-stacked-on-mobile" style="grid-template-columns:31% auto"><figure class="wp-block-media-text__media"><img loading="lazy" decoding="async" width="466" height="506" src="http://santaceciliadelgrao.com/wp-content/uploads/2026/03/Carlos.jpg" alt="" class="wp-image-4262 size-full" srcset="http://santaceciliadelgrao.com/wp-content/uploads/2026/03/Carlos.jpg 466w, http://santaceciliadelgrao.com/wp-content/uploads/2026/03/Carlos-276x300.jpg 276w" sizes="auto, (max-width: 466px) 100vw, 466px" /></figure><div class="wp-block-media-text__content">
<p>Carlos Ribes inicia sus estudios musicales en el Taller de Música Jove de Benimaclet, donde obtiene la titulación de grado profesional en la especialidad de Guitarra. Desde muy joven muestra una gran pasión por la música en directo y, así, acumula más de veinticinco años de experiencia sobre los escenarios con diferentes orquestas de verbena y proyectos musicales de estilos diversos.</p>



<p>A lo largo de su trayectoria ha colaborado como guitarrista con numerosos artistas, al tiempo que combina la interpretación con la docencia musical. Actualmente compagina la docencia con el proyecto Karaoke Party Band, una formación con la que recorre escenarios de toda España ofreciendo espectáculos participativos y llenos de energía.</p>



<p>Paralelamente, continúa ampliando su formación académica cursando el Grado Superior de Sonología en el Conservatorio Superior de Música Joaquín Rodrigo de València, donde profundiza en el ámbito del sonido, la producción musical y las tecnologías aplicadas a la creación artística.</p>
</div></div>

<p>Carlos Ribes Verdejo Profesor de Guitarra&nbsp; Carlos Ribes inicia sus estudios musicales en el Taller de Música Jove de Benimaclet, donde obtiene la titulación de grado profesional en la especialidad de Guitarra. Desde muy joven muestra una gran pasión por la música en directo y, así, acumula más de veinticinco años de experiencia sobre los&hellip; <br /> <a class="button small blue" href="http://santaceciliadelgrao.com/?page_id=2554">Read more</a></p>
