{"id":2449,"date":"2022-11-16T14:01:29","date_gmt":"2022-11-16T14:01:29","guid":{"rendered":"http:\/\/santaceciliadelgrao.com\/?page_id=2449"},"modified":"2026-04-15T06:48:24","modified_gmt":"2026-04-15T06:48:24","slug":"nuestro-profesorado","status":"publish","type":"page","link":"http:\/\/santaceciliadelgrao.com\/?page_id=2449","title":{"rendered":"Nuestro profesorado"},"content":{"rendered":"\n<p class=\"has-text-align-center has-black-color has-text-color has-background has-medium-font-size\" style=\"background-color:#a78cbd4f\"><strong>Conoce mejor a los profesores y profesoras<\/strong> <strong>de la escuela<\/strong>.<\/p>\n\n\n\n<div class=\"wp-block-columns is-layout-flex wp-container-core-columns-is-layout-9d6595d7 wp-block-columns-is-layout-flex\">\n<div class=\"wp-block-column is-vertically-aligned-top is-layout-flow wp-block-column-is-layout-flow\"><div class=\"wp-block-image\">\n<figure class=\"alignright size-large is-resized\"><a href=\"http:\/\/santaceciliadelgrao.com\/?page_id=2451\" target=\"_blank\" rel=\" noreferrer noopener\"><img loading=\"lazy\" decoding=\"async\" width=\"682\" height=\"1024\" src=\"http:\/\/santaceciliadelgrao.com\/wp-content\/uploads\/2023\/01\/WhatsApp-Image-2023-01-16-at-12.17.25-1-682x1024.jpeg\" alt=\"\" class=\"wp-image-2846\" style=\"aspect-ratio:0.6660336511071442;width:218px;height:auto\" srcset=\"http:\/\/santaceciliadelgrao.com\/wp-content\/uploads\/2023\/01\/WhatsApp-Image-2023-01-16-at-12.17.25-1-682x1024.jpeg 682w, http:\/\/santaceciliadelgrao.com\/wp-content\/uploads\/2023\/01\/WhatsApp-Image-2023-01-16-at-12.17.25-1-200x300.jpeg 200w, http:\/\/santaceciliadelgrao.com\/wp-content\/uploads\/2023\/01\/WhatsApp-Image-2023-01-16-at-12.17.25-1-768x1153.jpeg 768w, http:\/\/santaceciliadelgrao.com\/wp-content\/uploads\/2023\/01\/WhatsApp-Image-2023-01-16-at-12.17.25-1-1023x1536.jpeg 1023w, http:\/\/santaceciliadelgrao.com\/wp-content\/uploads\/2023\/01\/WhatsApp-Image-2023-01-16-at-12.17.25-1-1024x1537.jpeg 1024w, http:\/\/santaceciliadelgrao.com\/wp-content\/uploads\/2023\/01\/WhatsApp-Image-2023-01-16-at-12.17.25-1-720x1080.jpeg 720w, http:\/\/santaceciliadelgrao.com\/wp-content\/uploads\/2023\/01\/WhatsApp-Image-2023-01-16-at-12.17.25-1.jpeg 1066w\" sizes=\"auto, (max-width: 682px) 100vw, 682px\" \/><\/a><figcaption class=\"wp-element-caption\"><strong>Adri\u00e0 S\u00e1nchez Castell\u00f3<\/strong> <br><em>Director de la Escuela, director de la banda s\u00e9nior <\/em><br><em>y profesor de Lenguaje Musical<\/em><\/figcaption><\/figure>\n<\/div><\/div>\n\n\n\n<div class=\"wp-block-column is-layout-flow wp-block-column-is-layout-flow\"><div class=\"wp-block-image is-style-default\">\n<figure class=\"aligncenter size-full is-resized\"><a href=\"http:\/\/santaceciliadelgrao.com\/?page_id=3180\" target=\"_blank\" rel=\" noreferrer noopener\"><img loading=\"lazy\" decoding=\"async\" width=\"328\" height=\"411\" src=\"http:\/\/santaceciliadelgrao.com\/wp-content\/uploads\/2026\/03\/mario2.png\" alt=\"\" class=\"wp-image-4301\" style=\"aspect-ratio:0.7980703590770492;width:251px;height:auto\" srcset=\"http:\/\/santaceciliadelgrao.com\/wp-content\/uploads\/2026\/03\/mario2.png 328w, http:\/\/santaceciliadelgrao.com\/wp-content\/uploads\/2026\/03\/mario2-239x300.png 239w\" sizes=\"auto, (max-width: 328px) 100vw, 328px\" \/><\/a><figcaption class=\"wp-element-caption\"><strong>Mario Sevilla&nbsp;<\/strong><br><em>Director de la banda escolar, director del coro y profesor de Bombardino y Tuba&nbsp;<\/em><\/figcaption><\/figure>\n<\/div><\/div>\n\n\n\n<div class=\"wp-block-column is-layout-flow wp-block-column-is-layout-flow\"><div class=\"wp-block-image\">\n<figure class=\"alignleft size-full is-resized\"><a href=\"http:\/\/santaceciliadelgrao.com\/?page_id=2661\" target=\"_blank\" rel=\" noreferrer noopener\"><img loading=\"lazy\" decoding=\"async\" width=\"291\" height=\"399\" src=\"http:\/\/santaceciliadelgrao.com\/wp-content\/uploads\/2026\/03\/raul.png\" alt=\"\" class=\"wp-image-4302\" style=\"aspect-ratio:0.7293295624688072;width:236px;height:auto\" srcset=\"http:\/\/santaceciliadelgrao.com\/wp-content\/uploads\/2026\/03\/raul.png 291w, http:\/\/santaceciliadelgrao.com\/wp-content\/uploads\/2026\/03\/raul-219x300.png 219w\" sizes=\"auto, (max-width: 291px) 100vw, 291px\" \/><\/a><figcaption class=\"wp-element-caption\"><strong>Ra\u00fal Carrasco Cervera&nbsp;<\/strong><br><em>Director del conjunto instrumental,<\/em> <em>profesor de Trompeta y Lenguaje Musical <\/em><\/figcaption><\/figure>\n<\/div><\/div>\n<\/div>\n\n\n\n<div class=\"wp-block-columns is-layout-flex wp-container-core-columns-is-layout-9d6595d7 wp-block-columns-is-layout-flex\">\n<div class=\"wp-block-column is-layout-flow wp-block-column-is-layout-flow\"><div class=\"wp-block-image\">\n<figure class=\"aligncenter size-full is-resized\"><a href=\"http:\/\/santaceciliadelgrao.com\/?page_id=4362\" target=\"_blank\" rel=\" noreferrer noopener\"><img loading=\"lazy\" decoding=\"async\" width=\"280\" height=\"473\" src=\"http:\/\/santaceciliadelgrao.com\/wp-content\/uploads\/2026\/03\/Captura-de-pantalla-2026-03-23-131614-1.png\" alt=\"\" class=\"wp-image-4325\" style=\"aspect-ratio:0.6960616438356164;width:185px;height:auto\" srcset=\"http:\/\/santaceciliadelgrao.com\/wp-content\/uploads\/2026\/03\/Captura-de-pantalla-2026-03-23-131614-1.png 280w, http:\/\/santaceciliadelgrao.com\/wp-content\/uploads\/2026\/03\/Captura-de-pantalla-2026-03-23-131614-1-178x300.png 178w\" sizes=\"auto, (max-width: 280px) 100vw, 280px\" \/><\/a><figcaption class=\"wp-element-caption\"><strong>Neus Gurrea Villarreal<\/strong><br><em>Profesora de Flauta<\/em><br><br><br><\/figcaption><\/figure>\n<\/div>\n\n<div class=\"wp-block-image\">\n<figure class=\"alignright size-full is-resized\"><a href=\"http:\/\/santaceciliadelgrao.com\/?page_id=2582\" target=\"_blank\" rel=\"noreferrer noopener\"><img loading=\"lazy\" decoding=\"async\" width=\"129\" height=\"151\" src=\"http:\/\/santaceciliadelgrao.com\/wp-content\/uploads\/2022\/11\/Alba-Gimenez-1.png\" alt=\"\" class=\"wp-image-2505\" style=\"aspect-ratio:0.7008620689655173;width:184px;height:auto\"\/><\/a><figcaption class=\"wp-element-caption\"><strong>Alba Gim\u00e9nez Nogu\u00e9s&nbsp;<\/strong><br><em>Profesora de Violonchelo y Lenguaje Musical<\/em><br><\/figcaption><\/figure>\n<\/div><\/div>\n\n\n\n<div class=\"wp-block-column is-layout-flow wp-block-column-is-layout-flow\"><div class=\"wp-block-image\">\n<figure class=\"aligncenter size-full is-resized\"><a href=\"http:\/\/santaceciliadelgrao.com\/?page_id=2489#page-content\" target=\"_blank\" rel=\" noreferrer noopener\"><img loading=\"lazy\" decoding=\"async\" width=\"391\" height=\"610\" src=\"http:\/\/santaceciliadelgrao.com\/wp-content\/uploads\/2026\/03\/ines-2-4-2.png\" alt=\"\" class=\"wp-image-4347\" style=\"aspect-ratio:0.6410092150002464;width:170px;height:auto\" srcset=\"http:\/\/santaceciliadelgrao.com\/wp-content\/uploads\/2026\/03\/ines-2-4-2.png 391w, http:\/\/santaceciliadelgrao.com\/wp-content\/uploads\/2026\/03\/ines-2-4-2-192x300.png 192w\" sizes=\"auto, (max-width: 391px) 100vw, 391px\" \/><\/a><figcaption class=\"wp-element-caption\"><strong>In\u00e9s Cabo Mur<\/strong> <br><em>Profesora de Clarinete      <\/em>            <\/figcaption><\/figure>\n<\/div>\n\n\n<p><\/p>\n\n\n<div class=\"wp-block-image\">\n<figure class=\"aligncenter size-full is-resized\"><a href=\"http:\/\/santaceciliadelgrao.com\/?page_id=3416\" target=\"_blank\" rel=\"noreferrer noopener\"><img loading=\"lazy\" decoding=\"async\" width=\"307\" height=\"480\" src=\"http:\/\/santaceciliadelgrao.com\/wp-content\/uploads\/2023\/11\/Captura-de-pantalla-2023-11-22-134807-1.png\" alt=\"\" class=\"wp-image-3420\" style=\"aspect-ratio:0.6395909135608221;width:171px;height:auto\" srcset=\"http:\/\/santaceciliadelgrao.com\/wp-content\/uploads\/2023\/11\/Captura-de-pantalla-2023-11-22-134807-1.png 307w, http:\/\/santaceciliadelgrao.com\/wp-content\/uploads\/2023\/11\/Captura-de-pantalla-2023-11-22-134807-1-192x300.png 192w\" sizes=\"auto, (max-width: 307px) 100vw, 307px\" \/><\/a><figcaption class=\"wp-element-caption\"><strong>Iv\u00e1n Gregorio<\/strong> <br><em>Profesor de Viol\u00edn, Viola y Conjunto Orquestal<\/em><\/figcaption><\/figure>\n<\/div><\/div>\n\n\n\n<div class=\"wp-block-column is-layout-flow wp-block-column-is-layout-flow\">\n<figure class=\"wp-block-image size-full is-resized\"><a href=\"http:\/\/santaceciliadelgrao.com\/?page_id=2623\" target=\"_blank\" rel=\"noreferrer noopener\"><img loading=\"lazy\" decoding=\"async\" width=\"848\" height=\"1024\" src=\"http:\/\/santaceciliadelgrao.com\/wp-content\/uploads\/2023\/10\/WhatsApp-Image-2023-10-30-at-10.10.59-2.jpeg\" alt=\"\" class=\"wp-image-3335\" style=\"aspect-ratio:0.6889830508474576;width:183px;height:auto\" srcset=\"http:\/\/santaceciliadelgrao.com\/wp-content\/uploads\/2023\/10\/WhatsApp-Image-2023-10-30-at-10.10.59-2.jpeg 848w, http:\/\/santaceciliadelgrao.com\/wp-content\/uploads\/2023\/10\/WhatsApp-Image-2023-10-30-at-10.10.59-2-248x300.jpeg 248w, http:\/\/santaceciliadelgrao.com\/wp-content\/uploads\/2023\/10\/WhatsApp-Image-2023-10-30-at-10.10.59-2-768x927.jpeg 768w\" sizes=\"auto, (max-width: 848px) 100vw, 848px\" \/><\/a><figcaption class=\"wp-element-caption\"><strong>Nuria Moll\u00e1 Garc\u00eda&nbsp;<\/strong><br><em>Profesora de Oboe y Lenguaje Musical<\/em><\/figcaption><\/figure>\n\n\n\n<p><\/p>\n\n\n<div class=\"wp-block-image\">\n<figure class=\"aligncenter size-full is-resized\"><a href=\"http:\/\/santaceciliadelgrao.com\/?page_id=2639\" target=\"_blank\" rel=\"noreferrer noopener\"><img loading=\"lazy\" decoding=\"async\" width=\"111\" height=\"159\" src=\"http:\/\/santaceciliadelgrao.com\/wp-content\/uploads\/2022\/11\/Isabel-Barea.png\" alt=\"\" class=\"wp-image-2512\" style=\"aspect-ratio:0.6936860068259386;width:177px;height:auto\"\/><\/a><figcaption class=\"wp-element-caption\"><strong>Isabel Barea Gil&nbsp;<\/strong><br><em>Profesora de Piano, Canto y Coro Escolar&nbsp;<\/em><br><br><\/figcaption><\/figure>\n<\/div><\/div>\n\n\n\n<div class=\"wp-block-column is-layout-flow wp-block-column-is-layout-flow\">\n<figure class=\"wp-block-image size-full is-resized\"><a href=\"http:\/\/santaceciliadelgrao.com\/?page_id=2668\" target=\"_blank\" rel=\"noreferrer noopener\"><img loading=\"lazy\" decoding=\"async\" width=\"709\" height=\"808\" src=\"http:\/\/santaceciliadelgrao.com\/wp-content\/uploads\/2022\/11\/Hector-Juan.png\" alt=\"\" class=\"wp-image-2530\" style=\"aspect-ratio:0.6984536082474226;width:186px;height:auto\" srcset=\"http:\/\/santaceciliadelgrao.com\/wp-content\/uploads\/2022\/11\/Hector-Juan.png 709w, http:\/\/santaceciliadelgrao.com\/wp-content\/uploads\/2022\/11\/Hector-Juan-263x300.png 263w\" sizes=\"auto, (max-width: 709px) 100vw, 709px\" \/><\/a><figcaption class=\"wp-element-caption\"><strong>H\u00e9ctor Juan Albarrac\u00edn<\/strong><br><em>Profesor de Saxof\u00f3n<\/em> <em>y Lenguaje Musical<\/em><br><br><\/figcaption><\/figure>\n\n\n\n<figure class=\"wp-block-image size-full is-resized\"><a href=\"http:\/\/santaceciliadelgrao.com\/?page_id=2554\" target=\"_blank\" rel=\" noreferrer noopener\"><img loading=\"lazy\" decoding=\"async\" width=\"466\" height=\"506\" src=\"http:\/\/santaceciliadelgrao.com\/wp-content\/uploads\/2026\/03\/Carlos.jpg\" alt=\"\" class=\"wp-image-4262\" style=\"aspect-ratio:0.6936860068259386;width:178px;height:auto\" srcset=\"http:\/\/santaceciliadelgrao.com\/wp-content\/uploads\/2026\/03\/Carlos.jpg 466w, http:\/\/santaceciliadelgrao.com\/wp-content\/uploads\/2026\/03\/Carlos-276x300.jpg 276w\" sizes=\"auto, (max-width: 466px) 100vw, 466px\" \/><\/a><figcaption class=\"wp-element-caption\"><strong>Carlos Ribes Verdejo&nbsp;<\/strong><br><em>Profesor de Guitarra&nbsp;<\/em><\/figcaption><\/figure>\n<\/div>\n<\/div>\n\n\n\n<div class=\"wp-block-columns is-layout-flex wp-container-core-columns-is-layout-9d6595d7 wp-block-columns-is-layout-flex\">\n<div class=\"wp-block-column is-layout-flow wp-block-column-is-layout-flow\"><div class=\"wp-block-image\">\n<figure class=\"aligncenter size-full is-resized\"><img loading=\"lazy\" decoding=\"async\" width=\"425\" height=\"568\" src=\"http:\/\/santaceciliadelgrao.com\/wp-content\/uploads\/2026\/04\/Captura-de-pantalla-2026-04-15-084713-1.png\" alt=\"\" class=\"wp-image-4403\" style=\"aspect-ratio:0.6984536082474226;width:179px;height:auto\" srcset=\"http:\/\/santaceciliadelgrao.com\/wp-content\/uploads\/2026\/04\/Captura-de-pantalla-2026-04-15-084713-1.png 425w, http:\/\/santaceciliadelgrao.com\/wp-content\/uploads\/2026\/04\/Captura-de-pantalla-2026-04-15-084713-1-224x300.png 224w\" sizes=\"auto, (max-width: 425px) 100vw, 425px\" \/><figcaption class=\"wp-element-caption\"><strong>Jorge Edo Aznar<\/strong><br><em>Profesor de Percusi\u00f3n&nbsp;<\/em><br><br><\/figcaption><\/figure>\n<\/div><\/div>\n\n\n\n<div class=\"wp-block-column is-layout-flow wp-block-column-is-layout-flow\"><div class=\"wp-block-image\">\n<figure class=\"aligncenter size-full is-resized\"><a href=\"http:\/\/santaceciliadelgrao.com\/?page_id=2633\" target=\"_blank\" rel=\"noreferrer noopener\"><img loading=\"lazy\" decoding=\"async\" width=\"152\" height=\"203\" src=\"http:\/\/santaceciliadelgrao.com\/wp-content\/uploads\/2022\/11\/Amparo-Lagura.jpg\" alt=\"\" class=\"wp-image-2522\" style=\"aspect-ratio:0.6936860068259386;width:177px;height:auto\"\/><\/a><figcaption class=\"wp-element-caption\"><strong>Amparo Lagunas Valero&nbsp;<\/strong><br><em>Profesora de Trompa, M\u00fasica y Movimiento, Lenguaje Musical y Cultura Musical&nbsp;<\/em><br><\/figcaption><\/figure>\n<\/div><\/div>\n\n\n\n<div class=\"wp-block-column is-layout-flow wp-block-column-is-layout-flow\"><div class=\"wp-block-image\">\n<figure class=\"aligncenter size-full is-resized\"><a href=\"http:\/\/santaceciliadelgrao.com\/?page_id=1304\" target=\"_blank\" rel=\" noreferrer noopener\"><img loading=\"lazy\" decoding=\"async\" width=\"406\" height=\"526\" src=\"http:\/\/santaceciliadelgrao.com\/wp-content\/uploads\/2026\/03\/claudia2.png\" alt=\"\" class=\"wp-image-4299\" style=\"aspect-ratio:0.6522887323943662;width:164px;height:auto\" srcset=\"http:\/\/santaceciliadelgrao.com\/wp-content\/uploads\/2026\/03\/claudia2.png 406w, http:\/\/santaceciliadelgrao.com\/wp-content\/uploads\/2026\/03\/claudia2-232x300.png 232w\" sizes=\"auto, (max-width: 406px) 100vw, 406px\" \/><\/a><figcaption class=\"wp-element-caption\"><strong>Claudia Mart\u00ednez Gonz\u00e1lez&nbsp;<\/strong><br><em>Profesora de Sensibilizaci\u00f3n y M\u00fasica y Movimiento&nbsp;<\/em><\/figcaption><\/figure>\n<\/div><\/div>\n\n\n\n<div class=\"wp-block-column is-layout-flow wp-block-column-is-layout-flow\"><div class=\"wp-block-image\">\n<figure class=\"aligncenter size-full is-resized\"><a href=\"http:\/\/santaceciliadelgrao.com\/?page_id=2563\" target=\"_blank\" rel=\"noreferrer noopener\"><img loading=\"lazy\" decoding=\"async\" width=\"152\" height=\"210\" src=\"http:\/\/santaceciliadelgrao.com\/wp-content\/uploads\/2022\/11\/Paula-Arbaiza.jpg\" alt=\"\" class=\"wp-image-2523\" style=\"aspect-ratio:0.6545936395759717;width:162px;height:auto\"\/><\/a><figcaption class=\"wp-element-caption\"><strong>Paula Arbaiza Balaguer&nbsp;<\/strong><br><em>Profesora de M\u00fasica y Movimiento<\/em><strong><br><\/strong><br><\/figcaption><\/figure>\n<\/div><\/div>\n<\/div>\n\n\n\n<div class=\"wp-block-columns is-layout-flex wp-container-core-columns-is-layout-9d6595d7 wp-block-columns-is-layout-flex\">\n<div class=\"wp-block-column is-layout-flow wp-block-column-is-layout-flow\"><\/div>\n\n\n\n<div class=\"wp-block-column is-layout-flow wp-block-column-is-layout-flow\"><\/div>\n\n\n\n<div class=\"wp-block-column is-layout-flow wp-block-column-is-layout-flow\"><\/div>\n\n\n\n<div class=\"wp-block-column is-layout-flow wp-block-column-is-layout-flow\"><\/div>\n<\/div>\n","protected":false},"excerpt":{"rendered":"<p>Conoce mejor a los profesores y profesoras de la escuela.<\/p>\n","protected":false},"author":1,"featured_media":0,"parent":0,"menu_order":0,"comment_status":"closed","ping_status":"closed","template":"","meta":{"footnotes":""},"class_list":["post-2449","page","type-page","status-publish","hentry"],"_links":{"self":[{"href":"http:\/\/santaceciliadelgrao.com\/index.php?rest_route=\/wp\/v2\/pages\/2449","targetHints":{"allow":["GET"]}}],"collection":[{"href":"http:\/\/santaceciliadelgrao.com\/index.php?rest_route=\/wp\/v2\/pages"}],"about":[{"href":"http:\/\/santaceciliadelgrao.com\/index.php?rest_route=\/wp\/v2\/types\/page"}],"author":[{"embeddable":true,"href":"http:\/\/santaceciliadelgrao.com\/index.php?rest_route=\/wp\/v2\/users\/1"}],"replies":[{"embeddable":true,"href":"http:\/\/santaceciliadelgrao.com\/index.php?rest_route=%2Fwp%2Fv2%2Fcomments&post=2449"}],"version-history":[{"count":64,"href":"http:\/\/santaceciliadelgrao.com\/index.php?rest_route=\/wp\/v2\/pages\/2449\/revisions"}],"predecessor-version":[{"id":4405,"href":"http:\/\/santaceciliadelgrao.com\/index.php?rest_route=\/wp\/v2\/pages\/2449\/revisions\/4405"}],"wp:attachment":[{"href":"http:\/\/santaceciliadelgrao.com\/index.php?rest_route=%2Fwp%2Fv2%2Fmedia&parent=2449"}],"curies":[{"name":"wp","href":"https:\/\/api.w.org\/{rel}","templated":true}]}}