{"id":2235,"date":"2022-10-09T17:06:12","date_gmt":"2022-10-09T17:06:12","guid":{"rendered":"http:\/\/santaceciliadelgrao.com\/?page_id=2235"},"modified":"2023-09-03T15:54:43","modified_gmt":"2023-09-03T15:54:43","slug":"secretaria-2","status":"publish","type":"page","link":"http:\/\/santaceciliadelgrao.com\/?page_id=2235","title":{"rendered":"Secretar\u00eda"},"content":{"rendered":"\n<p>Las dependencias de la Secretaria est\u00e1n situadas en el local de <strong>M\u00e9ndez N\u00fa\u00f1ez, 4<\/strong>.<\/p>\n\n\n\n<p>Para cualquier cuesti\u00f3n relacionada con la escuela de m\u00fasica, tales como matr\u00edcula, asignaturas, calendario lectivo, o si necesit\u00e1is informaci\u00f3n general sobre la agrupaci\u00f3n, estamos a vuestra disposici\u00f3n de <strong>lunes a viernes<\/strong>, en horario de tardes, <strong>de 17 a 20 horas<\/strong>. <\/p>\n\n\n\n<p>Tambi\u00e9n pod\u00e9is contactar por tel\u00e9fono en el <strong>963 362 779<\/strong>, enviarnos un whatsapp al <strong>637 621 997 <\/strong>o, si lo prefieres, un mensaje a la  direcci\u00f3n electr\u00f3nica <strong>edmsantaceciliadelgrau@gmail.com<\/strong>.<\/p>\n\n\n\n<p>Encontrar\u00e9is informaci\u00f3n m\u00e1s detallada sobre el funcionamiento de la escuela en estos enlaces: <\/p>\n\n\n<\/p>\n\n\n<div class=\"wp-block-columns is-layout-flex wp-container-core-columns-is-layout-9d6595d7 wp-block-columns-is-layout-flex\">\n<div class=\"wp-block-column is-layout-flow wp-block-column-is-layout-flow\">\n<div class=\"wp-block-buttons is-content-justification-right is-layout-flex wp-container-core-buttons-is-layout-765c4724 wp-block-buttons-is-layout-flex\">\n<div class=\"wp-block-button\"><a class=\"wp-block-button__link has-white-color has-vivid-red-background-color has-text-color has-background wp-element-button\" href=\"http:\/\/santaceciliadelgrao.com\/?page_id=1419\" target=\"_blank\" rel=\"noreferrer noopener\">Grupos y horarios<\/a><\/div>\n<\/div>\n<\/div>\n\n\n\n<div class=\"wp-block-column is-layout-flow wp-block-column-is-layout-flow\">\n<div class=\"wp-block-buttons is-content-justification-left is-layout-flex wp-container-core-buttons-is-layout-fdcfc74e wp-block-buttons-is-layout-flex\">\n<div class=\"wp-block-button\"><a class=\"wp-block-button__link has-white-color has-vivid-red-background-color has-text-color has-background wp-element-button\" href=\"http:\/\/santaceciliadelgrao.com\/?page_id=1426\" target=\"_blank\" rel=\"noreferrer noopener\">Calendario lectivo<\/a><\/div>\n<\/div>\n<\/div>\n<\/div>\n","protected":false},"excerpt":{"rendered":"<p>Las dependencias de la Secretaria est\u00e1n situadas en el local de M\u00e9ndez N\u00fa\u00f1ez, 4. Para cualquier cuesti\u00f3n relacionada con la escuela de m\u00fasica, tales como matr\u00edcula, asignaturas, calendario lectivo, o si necesit\u00e1is informaci\u00f3n general sobre la agrupaci\u00f3n, estamos a vuestra disposici\u00f3n de lunes a viernes, en horario de tardes, de 17 a 20 horas. Tambi\u00e9n&hellip; <br \/> <a class=\"button small blue\" href=\"http:\/\/santaceciliadelgrao.com\/?page_id=2235\">Read more<\/a><\/p>\n","protected":false},"author":1,"featured_media":0,"parent":0,"menu_order":0,"comment_status":"closed","ping_status":"closed","template":"","meta":{"footnotes":""},"class_list":["post-2235","page","type-page","status-publish","hentry"],"_links":{"self":[{"href":"http:\/\/santaceciliadelgrao.com\/index.php?rest_route=\/wp\/v2\/pages\/2235","targetHints":{"allow":["GET"]}}],"collection":[{"href":"http:\/\/santaceciliadelgrao.com\/index.php?rest_route=\/wp\/v2\/pages"}],"about":[{"href":"http:\/\/santaceciliadelgrao.com\/index.php?rest_route=\/wp\/v2\/types\/page"}],"author":[{"embeddable":true,"href":"http:\/\/santaceciliadelgrao.com\/index.php?rest_route=\/wp\/v2\/users\/1"}],"replies":[{"embeddable":true,"href":"http:\/\/santaceciliadelgrao.com\/index.php?rest_route=%2Fwp%2Fv2%2Fcomments&post=2235"}],"version-history":[{"count":11,"href":"http:\/\/santaceciliadelgrao.com\/index.php?rest_route=\/wp\/v2\/pages\/2235\/revisions"}],"predecessor-version":[{"id":3117,"href":"http:\/\/santaceciliadelgrao.com\/index.php?rest_route=\/wp\/v2\/pages\/2235\/revisions\/3117"}],"wp:attachment":[{"href":"http:\/\/santaceciliadelgrao.com\/index.php?rest_route=%2Fwp%2Fv2%2Fmedia&parent=2235"}],"curies":[{"name":"wp","href":"https:\/\/api.w.org\/{rel}","templated":true}]}}