{"id":2232,"date":"2022-10-09T17:01:16","date_gmt":"2022-10-09T17:01:16","guid":{"rendered":"http:\/\/santaceciliadelgrao.com\/?page_id=2232"},"modified":"2023-09-03T15:58:37","modified_gmt":"2023-09-03T15:58:37","slug":"secretaria","status":"publish","type":"page","link":"http:\/\/santaceciliadelgrao.com\/?page_id=2232","title":{"rendered":"Secretaria"},"content":{"rendered":"\n<p>Les depend\u00e8ncies de la Secretaria estan situades en el local de <strong>M\u00e9ndez N\u00fa\u00f1ez, 4<\/strong>.<\/p>\n\n\n\n<p>Per a qualsevol q\u00fcesti\u00f3 relacionada amb l&#8217;escola de m\u00fasica, tals com matr\u00edcula, assignatures i calendari lectiu, o si necessiteu informaci\u00f3 general sobre l&#8217;agrupaci\u00f3, estem a la vostra disposici\u00f3 de <strong>dilluns a divendres<\/strong>, en horari de vesprada, <strong>de 17 a 20 hores<\/strong>.<\/p>\n\n\n\n<p>Tamb\u00e9 podeu contactar per tel\u00e8fon en el <strong>963 362 779<\/strong>, per whatsapp en el <strong>637 621 997<\/strong>, o si ho preferiu, enviar-nos un missatge a l&#8217;adre\u00e7a electr\u00f2nica <strong>edmsantaceciliadelgrau@gmail.com<\/strong>.<\/p>\n\n\n\n<p>Trobareu informaci\u00f3 m\u00e9s detallada sobre el funcionament de l&#8217;escola en els enlla\u00e7os seg\u00fcents:<\/p>\n\n\n\n<div class=\"wp-block-buttons is-content-justification-center is-layout-flex wp-container-core-buttons-is-layout-16018d1d wp-block-buttons-is-layout-flex\">\n<div class=\"wp-block-button is-style-fill\"><a class=\"wp-block-button__link has-white-color has-vivid-red-background-color has-text-color has-background wp-element-button\" href=\"http:\/\/santaceciliadelgrao.com\/wp-admin\/post.php?post=1113&amp;action=edit\" target=\"_blank\" rel=\"noreferrer noopener\">Grups i horaris<\/a><\/div>\n\n\n\n<div class=\"wp-block-button is-style-fill\"><a class=\"wp-block-button__link has-vivid-red-background-color has-background wp-element-button\" href=\"http:\/\/santaceciliadelgrao.com\/wp-admin\/post.php?post=1111&amp;action=edit\" target=\"_blank\" rel=\"noreferrer noopener\">Calendari lectiu<\/a><\/div>\n<\/div>\n","protected":false},"excerpt":{"rendered":"<p>Les depend\u00e8ncies de la Secretaria estan situades en el local de M\u00e9ndez N\u00fa\u00f1ez, 4. Per a qualsevol q\u00fcesti\u00f3 relacionada amb l&#8217;escola de m\u00fasica, tals com matr\u00edcula, assignatures i calendari lectiu, o si necessiteu informaci\u00f3 general sobre l&#8217;agrupaci\u00f3, estem a la vostra disposici\u00f3 de dilluns a divendres, en horari de vesprada, de 17 a 20 hores.&hellip; <br \/> <a class=\"button small blue\" href=\"http:\/\/santaceciliadelgrao.com\/?page_id=2232\">Read more<\/a><\/p>\n","protected":false},"author":1,"featured_media":0,"parent":0,"menu_order":0,"comment_status":"closed","ping_status":"closed","template":"","meta":{"footnotes":""},"class_list":["post-2232","page","type-page","status-publish","hentry"],"_links":{"self":[{"href":"http:\/\/santaceciliadelgrao.com\/index.php?rest_route=\/wp\/v2\/pages\/2232","targetHints":{"allow":["GET"]}}],"collection":[{"href":"http:\/\/santaceciliadelgrao.com\/index.php?rest_route=\/wp\/v2\/pages"}],"about":[{"href":"http:\/\/santaceciliadelgrao.com\/index.php?rest_route=\/wp\/v2\/types\/page"}],"author":[{"embeddable":true,"href":"http:\/\/santaceciliadelgrao.com\/index.php?rest_route=\/wp\/v2\/users\/1"}],"replies":[{"embeddable":true,"href":"http:\/\/santaceciliadelgrao.com\/index.php?rest_route=%2Fwp%2Fv2%2Fcomments&post=2232"}],"version-history":[{"count":9,"href":"http:\/\/santaceciliadelgrao.com\/index.php?rest_route=\/wp\/v2\/pages\/2232\/revisions"}],"predecessor-version":[{"id":3119,"href":"http:\/\/santaceciliadelgrao.com\/index.php?rest_route=\/wp\/v2\/pages\/2232\/revisions\/3119"}],"wp:attachment":[{"href":"http:\/\/santaceciliadelgrao.com\/index.php?rest_route=%2Fwp%2Fv2%2Fmedia&parent=2232"}],"curies":[{"name":"wp","href":"https:\/\/api.w.org\/{rel}","templated":true}]}}

<p>Les dependències de la Secretaria estan situades en el local de <strong>Méndez Núñez, 4</strong>.</p>



<p>Per a qualsevol qüestió relacionada amb l&#8217;escola de música, tals com matrícula, assignatures i calendari lectiu, o si necessiteu informació general sobre l&#8217;agrupació, estem a la vostra disposició de <strong>dilluns a divendres</strong>, en horari de vesprada, <strong>de 17 a 20 hores</strong>.</p>



<p>També podeu contactar per telèfon en el <strong>963 362 779</strong>, per whatsapp en el <strong>637 621 997</strong>, o si ho preferiu, enviar-nos un missatge a l&#8217;adreça electrònica <strong>edmsantaceciliadelgrau@gmail.com</strong>.</p>



<p>Trobareu informació més detallada sobre el funcionament de l&#8217;escola en els enllaços següents:</p>



<div class="wp-block-buttons is-content-justification-center is-layout-flex wp-container-core-buttons-is-layout-16018d1d wp-block-buttons-is-layout-flex">
<div class="wp-block-button is-style-fill"><a class="wp-block-button__link has-white-color has-vivid-red-background-color has-text-color has-background wp-element-button" href="http://santaceciliadelgrao.com/wp-admin/post.php?post=1113&amp;action=edit" target="_blank" rel="noreferrer noopener">Grups i horaris</a></div>



<div class="wp-block-button is-style-fill"><a class="wp-block-button__link has-vivid-red-background-color has-background wp-element-button" href="http://santaceciliadelgrao.com/wp-admin/post.php?post=1111&amp;action=edit" target="_blank" rel="noreferrer noopener">Calendari lectiu</a></div>
</div>

<p>Les dependències de la Secretaria estan situades en el local de Méndez Núñez, 4. Per a qualsevol qüestió relacionada amb l&#8217;escola de música, tals com matrícula, assignatures i calendari lectiu, o si necessiteu informació general sobre l&#8217;agrupació, estem a la vostra disposició de dilluns a divendres, en horari de vesprada, de 17 a 20 hores.&hellip; <br /> <a class="button small blue" href="http://santaceciliadelgrao.com/?page_id=2232">Read more</a></p>
