{"id":1471,"date":"2022-03-27T13:59:05","date_gmt":"2022-03-27T13:59:05","guid":{"rendered":"http:\/\/santaceciliadelgrao.com\/?page_id=1471"},"modified":"2023-11-09T09:12:29","modified_gmt":"2023-11-09T09:12:29","slug":"historia-de-la-banda-juvenil-2","status":"publish","type":"page","link":"http:\/\/santaceciliadelgrao.com\/?page_id=1471","title":{"rendered":"Historia de la banda escolar"},"content":{"rendered":"<div class=\"wp-block-image\">\n<figure class=\"aligncenter size-large\"><img loading=\"lazy\" decoding=\"async\" width=\"1024\" height=\"377\" src=\"http:\/\/santaceciliadelgrao.com\/wp-content\/uploads\/2022\/10\/WhatsApp-Image-2022-10-01-at-21.38.06-e1664736396914-1024x377.jpeg\" alt=\"\" class=\"wp-image-2143\" srcset=\"http:\/\/santaceciliadelgrao.com\/wp-content\/uploads\/2022\/10\/WhatsApp-Image-2022-10-01-at-21.38.06-e1664736396914-1024x377.jpeg 1024w, http:\/\/santaceciliadelgrao.com\/wp-content\/uploads\/2022\/10\/WhatsApp-Image-2022-10-01-at-21.38.06-e1664736396914-300x110.jpeg 300w, http:\/\/santaceciliadelgrao.com\/wp-content\/uploads\/2022\/10\/WhatsApp-Image-2022-10-01-at-21.38.06-e1664736396914-768x282.jpeg 768w, http:\/\/santaceciliadelgrao.com\/wp-content\/uploads\/2022\/10\/WhatsApp-Image-2022-10-01-at-21.38.06-e1664736396914.jpeg 1335w\" sizes=\"auto, (max-width: 1024px) 100vw, 1024px\" \/><figcaption class=\"wp-element-caption\">Concert d&#8217;intercanvi 2022. Patraix<\/figcaption><\/figure>\n<\/div>\n\n\n<p>En 1994, catorce a\u00f1os despu\u00e9s de la constituci\u00f3n de la Agrupaci\u00f3n Musical Santa Cec\u00edlia del Grau, naci\u00f3 la banda juvenil de educandos con la finalidad de formar al alumnado de la escuela de cara a su futura incorporaci\u00f3n a la banda titular.<\/p>\n\n\n\n<p>A lo largo de su trayectoria ha participado en numerosos conciertos acompa\u00f1ando a la banda titular en los actos de la sociedad y, adem\u00e1s, ha participado en festivales de bandas juveniles. Destaca el Festival Comarcal de Bandas Juveniles celebrado en el Palau de la M\u00fasica los a\u00f1os 2006 y 2007 y los intercambios con bandas juveniles de San Antonio de Beneg\u00e9ver, Massanassa y Massamagrell. <\/p>\n\n\n\n<p class=\"has-text-align-left\">Ha participado en el ciclo de conciertos en commemoraci\u00f3n del 30 aniversario die la Coordinadora de Sociedades Musicales Federadas de la ciudad de Val\u00e8ncia, celebrado en el Palau de la M\u00fasica, y en 2015 particip\u00f3 en el Certamen de Bandas Juveniles de Beniarr\u00e9s (Alicante) donde obtuvo el segundo premio. <\/p>\n\n\n\n<p>En diciembre de 2021 particip\u00f3 en la  <strong>44 edici\u00f3n del Certamen de Bandas de la Diputaci\u00f3n de Val\u00e8ncia<\/strong> celebrado en el Palau de les Arts con una formaci\u00f3n integrada por m\u00fasicos y m\u00fasicas de la banda juvenil y de la banda titular que se present\u00f3 como <strong>Banda Jove de l&#8217;AM SCG<\/strong>, y en la que tambi\u00e9n se alz\u00f3 con un segundo premio. <\/p>\n\n\n\n<p>Los directores que a lo largo de todos estos a\u00f1os han dirigido la banda juvenil han sido los siguientes: <\/p>\n\n\n\n<ul class=\"wp-block-list\">\n<li>Vicente Giner Gil, 1994 &#8211; 1996<\/li>\n\n\n\n<li>Salvador Rojo Gam\u00f3n 1996 &#8211; 1998<\/li>\n\n\n\n<li>Gema Garc\u00eda Cebri\u00e1n 1998 &#8211; 2000<\/li>\n\n\n\n<li>Jos\u00e9 Javier Ricart Fons 2001 &#8211; 2002<\/li>\n\n\n\n<li>Vicente Giner Gil 2002 &#8211; 2005<\/li>\n\n\n\n<li>Joan Francesc Miquel Zan\u00f3n 2006 &#8211; 2007<\/li>\n\n\n\n<li>Roberto Mora Montesinos 2008 &#8211; 2009<\/li>\n\n\n\n<li>Miguel \u00c1ngel Gimeno Tamarit 2009 \u2013 2012<\/li>\n\n\n\n<li>David M\u00e1rquez P\u00e9rez 2012 \u20132017<\/li>\n\n\n\n<li>Juan Manuel Alarc\u00f3n&nbsp; &nbsp;2017 &#8211; 2020<\/li>\n\n\n\n<li>Enrique Barrachina Enr\u00edquez 2020-2022<\/li>\n<\/ul>\n\n\n\n<p>En los \u00faltimos tiempos, en las ediciones 2021 y 2022, la banda juvenil ha representado a la agrupaci\u00f3n en los Concerts d&#8217;Intercanvi que organiza la FSMCV junto con la GVA, y participa todos los a\u00f1os en el tradicional concierto de Santa Cecilia, adem\u00e1s de ofrecer diversos conciertos\/audiciones a lo largo del curso escolar. <\/p>\n\n\n\n<p>Actualmente nuestra juvenil continua form\u00e1ndose bajo la batuta de <strong>Elena Sim\u00f3n Agudo<\/strong>, directora titular, , y cuenta con una plantilla de m\u00e1s de 30 educandos y educandas de muy diversas edades, entre ni\u00f1os, ni\u00f1as, adolescentes y adultos. En determinadas ocasiones, algunos m\u00fasicos de la banda titular refuerzan la juvenil para mejorar la calidad de las interpretaciones. <\/p>\n\n\n\n<p>Hay sesiones que combinan clase y ensayos todos los jueves de 20 a 21:30 h.<\/p>\n\n\n\n<p><\/p>\n\n\n\n<div class=\"wp-block-columns is-layout-flex wp-container-core-columns-is-layout-9d6595d7 wp-block-columns-is-layout-flex\">\n<div class=\"wp-block-column is-layout-flow wp-block-column-is-layout-flow\">\n<figure class=\"wp-block-image size-large is-resized\"><img loading=\"lazy\" decoding=\"async\" width=\"1024\" height=\"515\" src=\"http:\/\/santaceciliadelgrao.com\/wp-content\/uploads\/2022\/10\/WhatsApp-Image-2022-09-15-at-18.50.08-e1664736590461-1024x515.jpeg\" alt=\"\" class=\"wp-image-2144\" style=\"width:402px;height:202px\" srcset=\"http:\/\/santaceciliadelgrao.com\/wp-content\/uploads\/2022\/10\/WhatsApp-Image-2022-09-15-at-18.50.08-e1664736590461-1024x515.jpeg 1024w, http:\/\/santaceciliadelgrao.com\/wp-content\/uploads\/2022\/10\/WhatsApp-Image-2022-09-15-at-18.50.08-e1664736590461-300x151.jpeg 300w, http:\/\/santaceciliadelgrao.com\/wp-content\/uploads\/2022\/10\/WhatsApp-Image-2022-09-15-at-18.50.08-e1664736590461-768x386.jpeg 768w, http:\/\/santaceciliadelgrao.com\/wp-content\/uploads\/2022\/10\/WhatsApp-Image-2022-09-15-at-18.50.08-e1664736590461-1536x772.jpeg 1536w, http:\/\/santaceciliadelgrao.com\/wp-content\/uploads\/2022\/10\/WhatsApp-Image-2022-09-15-at-18.50.08-e1664736590461-1920x965.jpeg 1920w, http:\/\/santaceciliadelgrao.com\/wp-content\/uploads\/2022\/10\/WhatsApp-Image-2022-09-15-at-18.50.08-e1664736590461.jpeg 2048w\" sizes=\"auto, (max-width: 1024px) 100vw, 1024px\" \/><figcaption class=\"wp-element-caption\">Primavera 2022<\/figcaption><\/figure>\n<\/div>\n\n\n\n<div class=\"wp-block-column is-layout-flow wp-block-column-is-layout-flow\">\n<figure class=\"wp-block-image size-large is-resized\"><img loading=\"lazy\" decoding=\"async\" width=\"1024\" height=\"461\" src=\"http:\/\/santaceciliadelgrao.com\/wp-content\/uploads\/2022\/10\/WhatsApp-Image-2022-10-02-at-20.35.15-1024x461.jpeg\" alt=\"\" class=\"wp-image-2146\" style=\"width:411px;height:184px\" srcset=\"http:\/\/santaceciliadelgrao.com\/wp-content\/uploads\/2022\/10\/WhatsApp-Image-2022-10-02-at-20.35.15-1024x461.jpeg 1024w, http:\/\/santaceciliadelgrao.com\/wp-content\/uploads\/2022\/10\/WhatsApp-Image-2022-10-02-at-20.35.15-300x135.jpeg 300w, http:\/\/santaceciliadelgrao.com\/wp-content\/uploads\/2022\/10\/WhatsApp-Image-2022-10-02-at-20.35.15-768x346.jpeg 768w, http:\/\/santaceciliadelgrao.com\/wp-content\/uploads\/2022\/10\/WhatsApp-Image-2022-10-02-at-20.35.15-1536x691.jpeg 1536w, http:\/\/santaceciliadelgrao.com\/wp-content\/uploads\/2022\/10\/WhatsApp-Image-2022-10-02-at-20.35.15.jpeg 1600w\" sizes=\"auto, (max-width: 1024px) 100vw, 1024px\" \/><figcaption class=\"wp-element-caption\">Fin de curso 2022<\/figcaption><\/figure>\n<\/div>\n<\/div>\n\n\n\n<div class=\"wp-block-columns is-layout-flex wp-container-core-columns-is-layout-9d6595d7 wp-block-columns-is-layout-flex\">\n<div class=\"wp-block-column is-layout-flow wp-block-column-is-layout-flow\">\n<figure class=\"wp-block-image size-large\"><img loading=\"lazy\" decoding=\"async\" width=\"1024\" height=\"683\" src=\"http:\/\/santaceciliadelgrao.com\/wp-content\/uploads\/2022\/10\/WhatsApp-Image-2022-10-02-at-20.32.59-e1664736620487-1024x683.jpeg\" alt=\"\" class=\"wp-image-2145\" srcset=\"http:\/\/santaceciliadelgrao.com\/wp-content\/uploads\/2022\/10\/WhatsApp-Image-2022-10-02-at-20.32.59-e1664736620487-1024x683.jpeg 1024w, http:\/\/santaceciliadelgrao.com\/wp-content\/uploads\/2022\/10\/WhatsApp-Image-2022-10-02-at-20.32.59-e1664736620487-300x200.jpeg 300w, http:\/\/santaceciliadelgrao.com\/wp-content\/uploads\/2022\/10\/WhatsApp-Image-2022-10-02-at-20.32.59-e1664736620487-768x512.jpeg 768w, http:\/\/santaceciliadelgrao.com\/wp-content\/uploads\/2022\/10\/WhatsApp-Image-2022-10-02-at-20.32.59-e1664736620487-1536x1024.jpeg 1536w, http:\/\/santaceciliadelgrao.com\/wp-content\/uploads\/2022\/10\/WhatsApp-Image-2022-10-02-at-20.32.59-e1664736620487-1620x1080.jpeg 1620w, http:\/\/santaceciliadelgrao.com\/wp-content\/uploads\/2022\/10\/WhatsApp-Image-2022-10-02-at-20.32.59-e1664736620487.jpeg 1785w\" sizes=\"auto, (max-width: 1024px) 100vw, 1024px\" \/><figcaption class=\"wp-element-caption\">Trobades escoles m\u00fasica 2022<\/figcaption><\/figure>\n<\/div>\n\n\n\n<div class=\"wp-block-column is-layout-flow wp-block-column-is-layout-flow\">\n<figure class=\"wp-block-image size-large\"><img loading=\"lazy\" decoding=\"async\" width=\"1024\" height=\"768\" src=\"http:\/\/santaceciliadelgrao.com\/wp-content\/uploads\/2022\/12\/Banda-juvenil-Nadal-2022-1024x768.jpeg\" alt=\"\" class=\"wp-image-2671\" srcset=\"http:\/\/santaceciliadelgrao.com\/wp-content\/uploads\/2022\/12\/Banda-juvenil-Nadal-2022-1024x768.jpeg 1024w, http:\/\/santaceciliadelgrao.com\/wp-content\/uploads\/2022\/12\/Banda-juvenil-Nadal-2022-300x225.jpeg 300w, http:\/\/santaceciliadelgrao.com\/wp-content\/uploads\/2022\/12\/Banda-juvenil-Nadal-2022-768x576.jpeg 768w, http:\/\/santaceciliadelgrao.com\/wp-content\/uploads\/2022\/12\/Banda-juvenil-Nadal-2022-1536x1152.jpeg 1536w, http:\/\/santaceciliadelgrao.com\/wp-content\/uploads\/2022\/12\/Banda-juvenil-Nadal-2022-1440x1080.jpeg 1440w, http:\/\/santaceciliadelgrao.com\/wp-content\/uploads\/2022\/12\/Banda-juvenil-Nadal-2022.jpeg 1600w\" sizes=\"auto, (max-width: 1024px) 100vw, 1024px\" \/><figcaption class=\"wp-element-caption\">Navidad 2022<\/figcaption><\/figure>\n<\/div>\n<\/div>\n","protected":false},"excerpt":{"rendered":"<p>En 1994, catorce a\u00f1os despu\u00e9s de la constituci\u00f3n de la Agrupaci\u00f3n Musical Santa Cec\u00edlia del Grau, naci\u00f3 la banda juvenil de educandos con la finalidad de formar al alumnado de la escuela de cara a su futura incorporaci\u00f3n a la banda titular. A lo largo de su trayectoria ha participado en numerosos conciertos acompa\u00f1ando a&hellip; <br \/> <a class=\"button small blue\" href=\"http:\/\/santaceciliadelgrao.com\/?page_id=1471\">Read more<\/a><\/p>\n","protected":false},"author":1,"featured_media":0,"parent":0,"menu_order":0,"comment_status":"closed","ping_status":"closed","template":"","meta":{"footnotes":""},"class_list":["post-1471","page","type-page","status-publish","hentry"],"_links":{"self":[{"href":"http:\/\/santaceciliadelgrao.com\/index.php?rest_route=\/wp\/v2\/pages\/1471","targetHints":{"allow":["GET"]}}],"collection":[{"href":"http:\/\/santaceciliadelgrao.com\/index.php?rest_route=\/wp\/v2\/pages"}],"about":[{"href":"http:\/\/santaceciliadelgrao.com\/index.php?rest_route=\/wp\/v2\/types\/page"}],"author":[{"embeddable":true,"href":"http:\/\/santaceciliadelgrao.com\/index.php?rest_route=\/wp\/v2\/users\/1"}],"replies":[{"embeddable":true,"href":"http:\/\/santaceciliadelgrao.com\/index.php?rest_route=%2Fwp%2Fv2%2Fcomments&post=1471"}],"version-history":[{"count":11,"href":"http:\/\/santaceciliadelgrao.com\/index.php?rest_route=\/wp\/v2\/pages\/1471\/revisions"}],"predecessor-version":[{"id":3381,"href":"http:\/\/santaceciliadelgrao.com\/index.php?rest_route=\/wp\/v2\/pages\/1471\/revisions\/3381"}],"wp:attachment":[{"href":"http:\/\/santaceciliadelgrao.com\/index.php?rest_route=%2Fwp%2Fv2%2Fmedia&parent=1471"}],"curies":[{"name":"wp","href":"https:\/\/api.w.org\/{rel}","templated":true}]}}