{"id":1230,"date":"2022-03-15T19:41:03","date_gmt":"2022-03-15T19:41:03","guid":{"rendered":"http:\/\/santaceciliadelgrao.com\/?page_id=1230"},"modified":"2023-11-09T09:12:56","modified_gmt":"2023-11-09T09:12:56","slug":"historia-de-la-banda-juvenil","status":"publish","type":"page","link":"http:\/\/santaceciliadelgrao.com\/?page_id=1230","title":{"rendered":"Hist\u00f2ria de la banda escolar"},"content":{"rendered":"<div class=\"wp-block-image\">\n<figure class=\"aligncenter size-large\"><img loading=\"lazy\" decoding=\"async\" width=\"1024\" height=\"377\" src=\"http:\/\/santaceciliadelgrao.com\/wp-content\/uploads\/2022\/10\/WhatsApp-Image-2022-10-01-at-21.38.06-e1664736396914-1024x377.jpeg\" alt=\"\" class=\"wp-image-2143\" srcset=\"http:\/\/santaceciliadelgrao.com\/wp-content\/uploads\/2022\/10\/WhatsApp-Image-2022-10-01-at-21.38.06-e1664736396914-1024x377.jpeg 1024w, http:\/\/santaceciliadelgrao.com\/wp-content\/uploads\/2022\/10\/WhatsApp-Image-2022-10-01-at-21.38.06-e1664736396914-300x110.jpeg 300w, http:\/\/santaceciliadelgrao.com\/wp-content\/uploads\/2022\/10\/WhatsApp-Image-2022-10-01-at-21.38.06-e1664736396914-768x282.jpeg 768w, http:\/\/santaceciliadelgrao.com\/wp-content\/uploads\/2022\/10\/WhatsApp-Image-2022-10-01-at-21.38.06-e1664736396914.jpeg 1335w\" sizes=\"auto, (max-width: 1024px) 100vw, 1024px\" \/><figcaption class=\"wp-element-caption\">Concert d&#8217;intercanvi 2022. Patraix<\/figcaption><\/figure>\n<\/div>\n\n\n<p>El 1994, catorze anys despr\u00e9s de la constituci\u00f3 de l&#8217;Agrupaci\u00f3 Musical Santa Cec\u00edlia del Grau, va n\u00e0ixer la banda juvenil i d&#8217;educands&nbsp;amb la finalitat de formar l&#8217;alumnat de l&#8217;escola de cara a la seua&nbsp;futura incorporaci\u00f3 a la banda titular.<\/p>\n\n\n\n<p>Al llarg de la&nbsp;seua traject\u00f2ria ha participat en nombrosos concerts acompanyant la banda titular en els actes de la societat i, a m\u00e9s, ha participat en festivals de bandes juvenils. Cal destacar el Festival Comarcal de Bandes Juvenils celebrat en el Palau de M\u00fasica l&#8217;any 2006 i 2007 i els intercanvis amb les bandes juvenils de Sant Antoni de Benaixeve, Massanassa i Massamagrell.<\/p>\n\n\n\n<p class=\"has-text-align-left\">Va participar en el cicle de concerts en commemoraci\u00f3 del 30 aniversari de la Coordinadora de Societats Musicals Federades de la ciutat de Val\u00e8ncia celebrat al Palau de la M\u00fasica, i el 2015 va participar en el Certamen de Bandes Juvenils de Beniarr\u00e9s (Alacant) on va obtindre&nbsp;el&nbsp;2n premi.<\/p>\n\n\n\n<p>Al desembre de 2021 va participar tamb\u00e9 en la <strong>44 edici\u00f3 del Certamen de Bandes de la Diputaci\u00f3 de Val\u00e8ncia<\/strong> celebrat al Palau de les Arts amb una formaci\u00f3 integrada per m\u00fasics i m\u00fasiques de la banda juvenil i de la banda titular que es va presentar com a <strong>Banda Jove de l&#8217;AM SCG<\/strong>, on tamb\u00e9 es va al\u00e7ar amb un segon premi.<\/p>\n\n\n\n<p>Els directors que al llarg de tots estos anys han dirigit la banda juvenil han estat els seg\u00fcents:<\/p>\n\n\n\n<ul class=\"wp-block-list\">\n<li>Vicente Giner Gil, 1994 &#8211; 1996<\/li>\n\n\n\n<li>Salvador Rojo Gam\u00f3n 1996 &#8211; 1998<\/li>\n\n\n\n<li>Gema Garc\u00eda Cebri\u00e1n 1998 &#8211; 2000<\/li>\n\n\n\n<li>Jos\u00e9 Javiert Ricart Fons 2001 &#8211; 2002<\/li>\n\n\n\n<li>Vicente Giner Gil 2002 &#8211; 2005<\/li>\n\n\n\n<li>Joan Francesc Miquel Zan\u00f3n 2006 &#8211; 2007<\/li>\n\n\n\n<li>Roberto Mora Montesinos 2008 &#8211; 2009<\/li>\n\n\n\n<li>Miguel \u00c1ngel Gimeno Tamarit 2009 \u2013 2012<\/li>\n\n\n\n<li>David M\u00e1rquez P\u00e9rez 2012 \u20132017<\/li>\n\n\n\n<li>Juan Manuel Alarc\u00f3n&nbsp; &nbsp;2017 &#8211; 2020<\/li>\n\n\n\n<li>Enrique Barrachina Enr\u00edquez 2020-2022<\/li>\n<\/ul>\n\n\n\n<p>En els \u00faltims temps, en les edicions 2021 i 2022, la banda juvenil ha representat l&#8217;agrupaci\u00f3 en els Concerts d&#8217;Intercanvi que organitza la FSMCV juntament amb la GVA, i participa tot els anys en el tradicional concert de Santa Cec\u00edlia, a m\u00e9s d&#8217;oferir diversos concerts\/audicions al llarg del curs escolar.<\/p>\n\n\n\n<p>Actualment la nostra juvenil continua formant-se sota la batuta d\u2019<strong>Elena Sim\u00f3n Agudo<\/strong>, directora titular,i compta amb una plantilla de m\u00e9s de 30 educands i educandes d&#8217;edats molt diverses, entre infants, adolescents i adults. En determinades ocasions alguns m\u00fasics de la banda titular reforcen la juvenil per millorar la qualitat de les interpretacions. <\/p>\n\n\n\n<p>Hi ha sessions que combinen classe i assajos tots els dijous de 20 a 21:30 h.<\/p>\n\n\n\n<div class=\"wp-block-columns is-layout-flex wp-container-core-columns-is-layout-9d6595d7 wp-block-columns-is-layout-flex\">\n<div class=\"wp-block-column is-layout-flow wp-block-column-is-layout-flow\">\n<figure class=\"wp-block-image size-large is-resized\"><img loading=\"lazy\" decoding=\"async\" width=\"1024\" height=\"515\" src=\"http:\/\/santaceciliadelgrao.com\/wp-content\/uploads\/2022\/10\/WhatsApp-Image-2022-09-15-at-18.50.08-e1664736590461-1024x515.jpeg\" alt=\"\" class=\"wp-image-2144\" style=\"width:402px;height:202px\" srcset=\"http:\/\/santaceciliadelgrao.com\/wp-content\/uploads\/2022\/10\/WhatsApp-Image-2022-09-15-at-18.50.08-e1664736590461-1024x515.jpeg 1024w, http:\/\/santaceciliadelgrao.com\/wp-content\/uploads\/2022\/10\/WhatsApp-Image-2022-09-15-at-18.50.08-e1664736590461-300x151.jpeg 300w, http:\/\/santaceciliadelgrao.com\/wp-content\/uploads\/2022\/10\/WhatsApp-Image-2022-09-15-at-18.50.08-e1664736590461-768x386.jpeg 768w, http:\/\/santaceciliadelgrao.com\/wp-content\/uploads\/2022\/10\/WhatsApp-Image-2022-09-15-at-18.50.08-e1664736590461-1536x772.jpeg 1536w, http:\/\/santaceciliadelgrao.com\/wp-content\/uploads\/2022\/10\/WhatsApp-Image-2022-09-15-at-18.50.08-e1664736590461-1920x965.jpeg 1920w, http:\/\/santaceciliadelgrao.com\/wp-content\/uploads\/2022\/10\/WhatsApp-Image-2022-09-15-at-18.50.08-e1664736590461.jpeg 2048w\" sizes=\"auto, (max-width: 1024px) 100vw, 1024px\" \/><figcaption class=\"wp-element-caption\">Primavera 2022<\/figcaption><\/figure>\n<\/div>\n\n\n\n<div class=\"wp-block-column is-layout-flow wp-block-column-is-layout-flow\">\n<figure class=\"wp-block-image size-large is-resized\"><img loading=\"lazy\" decoding=\"async\" width=\"1024\" height=\"461\" src=\"http:\/\/santaceciliadelgrao.com\/wp-content\/uploads\/2022\/10\/WhatsApp-Image-2022-10-02-at-20.35.15-1024x461.jpeg\" alt=\"\" class=\"wp-image-2146\" style=\"width:411px;height:184px\" srcset=\"http:\/\/santaceciliadelgrao.com\/wp-content\/uploads\/2022\/10\/WhatsApp-Image-2022-10-02-at-20.35.15-1024x461.jpeg 1024w, http:\/\/santaceciliadelgrao.com\/wp-content\/uploads\/2022\/10\/WhatsApp-Image-2022-10-02-at-20.35.15-300x135.jpeg 300w, http:\/\/santaceciliadelgrao.com\/wp-content\/uploads\/2022\/10\/WhatsApp-Image-2022-10-02-at-20.35.15-768x346.jpeg 768w, http:\/\/santaceciliadelgrao.com\/wp-content\/uploads\/2022\/10\/WhatsApp-Image-2022-10-02-at-20.35.15-1536x691.jpeg 1536w, http:\/\/santaceciliadelgrao.com\/wp-content\/uploads\/2022\/10\/WhatsApp-Image-2022-10-02-at-20.35.15.jpeg 1600w\" sizes=\"auto, (max-width: 1024px) 100vw, 1024px\" \/><figcaption class=\"wp-element-caption\">Fi de curs 2022<\/figcaption><\/figure>\n<\/div>\n<\/div>\n\n\n\n<div class=\"wp-block-columns is-layout-flex wp-container-core-columns-is-layout-9d6595d7 wp-block-columns-is-layout-flex\">\n<div class=\"wp-block-column is-layout-flow wp-block-column-is-layout-flow\">\n<figure class=\"wp-block-image size-large\"><img loading=\"lazy\" decoding=\"async\" width=\"1024\" height=\"683\" src=\"http:\/\/santaceciliadelgrao.com\/wp-content\/uploads\/2022\/10\/WhatsApp-Image-2022-10-02-at-20.32.59-e1664736620487-1024x683.jpeg\" alt=\"\" class=\"wp-image-2145\" srcset=\"http:\/\/santaceciliadelgrao.com\/wp-content\/uploads\/2022\/10\/WhatsApp-Image-2022-10-02-at-20.32.59-e1664736620487-1024x683.jpeg 1024w, http:\/\/santaceciliadelgrao.com\/wp-content\/uploads\/2022\/10\/WhatsApp-Image-2022-10-02-at-20.32.59-e1664736620487-300x200.jpeg 300w, http:\/\/santaceciliadelgrao.com\/wp-content\/uploads\/2022\/10\/WhatsApp-Image-2022-10-02-at-20.32.59-e1664736620487-768x512.jpeg 768w, http:\/\/santaceciliadelgrao.com\/wp-content\/uploads\/2022\/10\/WhatsApp-Image-2022-10-02-at-20.32.59-e1664736620487-1536x1024.jpeg 1536w, http:\/\/santaceciliadelgrao.com\/wp-content\/uploads\/2022\/10\/WhatsApp-Image-2022-10-02-at-20.32.59-e1664736620487-1620x1080.jpeg 1620w, http:\/\/santaceciliadelgrao.com\/wp-content\/uploads\/2022\/10\/WhatsApp-Image-2022-10-02-at-20.32.59-e1664736620487.jpeg 1785w\" sizes=\"auto, (max-width: 1024px) 100vw, 1024px\" \/><figcaption class=\"wp-element-caption\">Trobades escoles m\u00fasica 2022<\/figcaption><\/figure>\n<\/div>\n\n\n\n<div class=\"wp-block-column is-layout-flow wp-block-column-is-layout-flow\">\n<figure class=\"wp-block-image size-large\"><img loading=\"lazy\" decoding=\"async\" width=\"1024\" height=\"768\" src=\"http:\/\/santaceciliadelgrao.com\/wp-content\/uploads\/2022\/12\/Banda-juvenil-Nadal-2022-1024x768.jpeg\" alt=\"\" class=\"wp-image-2671\" srcset=\"http:\/\/santaceciliadelgrao.com\/wp-content\/uploads\/2022\/12\/Banda-juvenil-Nadal-2022-1024x768.jpeg 1024w, http:\/\/santaceciliadelgrao.com\/wp-content\/uploads\/2022\/12\/Banda-juvenil-Nadal-2022-300x225.jpeg 300w, http:\/\/santaceciliadelgrao.com\/wp-content\/uploads\/2022\/12\/Banda-juvenil-Nadal-2022-768x576.jpeg 768w, http:\/\/santaceciliadelgrao.com\/wp-content\/uploads\/2022\/12\/Banda-juvenil-Nadal-2022-1536x1152.jpeg 1536w, http:\/\/santaceciliadelgrao.com\/wp-content\/uploads\/2022\/12\/Banda-juvenil-Nadal-2022-1440x1080.jpeg 1440w, http:\/\/santaceciliadelgrao.com\/wp-content\/uploads\/2022\/12\/Banda-juvenil-Nadal-2022.jpeg 1600w\" sizes=\"auto, (max-width: 1024px) 100vw, 1024px\" \/><figcaption class=\"wp-element-caption\">Nadal 2022<\/figcaption><\/figure>\n<\/div>\n<\/div>\n","protected":false},"excerpt":{"rendered":"<p>El 1994, catorze anys despr\u00e9s de la constituci\u00f3 de l&#8217;Agrupaci\u00f3 Musical Santa Cec\u00edlia del Grau, va n\u00e0ixer la banda juvenil i d&#8217;educands&nbsp;amb la finalitat de formar l&#8217;alumnat de l&#8217;escola de cara a la seua&nbsp;futura incorporaci\u00f3 a la banda titular. Al llarg de la&nbsp;seua traject\u00f2ria ha participat en nombrosos concerts acompanyant la banda titular en els&hellip; <br \/> <a class=\"button small blue\" href=\"http:\/\/santaceciliadelgrao.com\/?page_id=1230\">Read more<\/a><\/p>\n","protected":false},"author":1,"featured_media":0,"parent":0,"menu_order":0,"comment_status":"closed","ping_status":"closed","template":"","meta":{"footnotes":""},"class_list":["post-1230","page","type-page","status-publish","hentry"],"_links":{"self":[{"href":"http:\/\/santaceciliadelgrao.com\/index.php?rest_route=\/wp\/v2\/pages\/1230","targetHints":{"allow":["GET"]}}],"collection":[{"href":"http:\/\/santaceciliadelgrao.com\/index.php?rest_route=\/wp\/v2\/pages"}],"about":[{"href":"http:\/\/santaceciliadelgrao.com\/index.php?rest_route=\/wp\/v2\/types\/page"}],"author":[{"embeddable":true,"href":"http:\/\/santaceciliadelgrao.com\/index.php?rest_route=\/wp\/v2\/users\/1"}],"replies":[{"embeddable":true,"href":"http:\/\/santaceciliadelgrao.com\/index.php?rest_route=%2Fwp%2Fv2%2Fcomments&post=1230"}],"version-history":[{"count":10,"href":"http:\/\/santaceciliadelgrao.com\/index.php?rest_route=\/wp\/v2\/pages\/1230\/revisions"}],"predecessor-version":[{"id":3382,"href":"http:\/\/santaceciliadelgrao.com\/index.php?rest_route=\/wp\/v2\/pages\/1230\/revisions\/3382"}],"wp:attachment":[{"href":"http:\/\/santaceciliadelgrao.com\/index.php?rest_route=%2Fwp%2Fv2%2Fmedia&parent=1230"}],"curies":[{"name":"wp","href":"https:\/\/api.w.org\/{rel}","templated":true}]}}

Història de la banda escolar

<div class="wp-block-image">
<figure class="aligncenter size-large"><img loading="lazy" decoding="async" width="1024" height="377" src="http://santaceciliadelgrao.com/wp-content/uploads/2022/10/WhatsApp-Image-2022-10-01-at-21.38.06-e1664736396914-1024x377.jpeg" alt="" class="wp-image-2143" srcset="http://santaceciliadelgrao.com/wp-content/uploads/2022/10/WhatsApp-Image-2022-10-01-at-21.38.06-e1664736396914-1024x377.jpeg 1024w, http://santaceciliadelgrao.com/wp-content/uploads/2022/10/WhatsApp-Image-2022-10-01-at-21.38.06-e1664736396914-300x110.jpeg 300w, http://santaceciliadelgrao.com/wp-content/uploads/2022/10/WhatsApp-Image-2022-10-01-at-21.38.06-e1664736396914-768x282.jpeg 768w, http://santaceciliadelgrao.com/wp-content/uploads/2022/10/WhatsApp-Image-2022-10-01-at-21.38.06-e1664736396914.jpeg 1335w" sizes="auto, (max-width: 1024px) 100vw, 1024px" /><figcaption class="wp-element-caption">Concert d&#8217;intercanvi 2022. Patraix</figcaption></figure>
</div>


<p>El 1994, catorze anys després de la constitució de l&#8217;Agrupació Musical Santa Cecília del Grau, va nàixer la banda juvenil i d&#8217;educands&nbsp;amb la finalitat de formar l&#8217;alumnat de l&#8217;escola de cara a la seua&nbsp;futura incorporació a la banda titular.</p>



<p>Al llarg de la&nbsp;seua trajectòria ha participat en nombrosos concerts acompanyant la banda titular en els actes de la societat i, a més, ha participat en festivals de bandes juvenils. Cal destacar el Festival Comarcal de Bandes Juvenils celebrat en el Palau de Música l&#8217;any 2006 i 2007 i els intercanvis amb les bandes juvenils de Sant Antoni de Benaixeve, Massanassa i Massamagrell.</p>



<p class="has-text-align-left">Va participar en el cicle de concerts en commemoració del 30 aniversari de la Coordinadora de Societats Musicals Federades de la ciutat de València celebrat al Palau de la Música, i el 2015 va participar en el Certamen de Bandes Juvenils de Beniarrés (Alacant) on va obtindre&nbsp;el&nbsp;2n premi.</p>



<p>Al desembre de 2021 va participar també en la <strong>44 edició del Certamen de Bandes de la Diputació de València</strong> celebrat al Palau de les Arts amb una formació integrada per músics i músiques de la banda juvenil i de la banda titular que es va presentar com a <strong>Banda Jove de l&#8217;AM SCG</strong>, on també es va alçar amb un segon premi.</p>



<p>Els directors que al llarg de tots estos anys han dirigit la banda juvenil han estat els següents:</p>



<ul class="wp-block-list">
<li>Vicente Giner Gil, 1994 &#8211; 1996</li>



<li>Salvador Rojo Gamón 1996 &#8211; 1998</li>



<li>Gema García Cebrián 1998 &#8211; 2000</li>



<li>José Javiert Ricart Fons 2001 &#8211; 2002</li>



<li>Vicente Giner Gil 2002 &#8211; 2005</li>



<li>Joan Francesc Miquel Zanón 2006 &#8211; 2007</li>



<li>Roberto Mora Montesinos 2008 &#8211; 2009</li>



<li>Miguel Ángel Gimeno Tamarit 2009 – 2012</li>



<li>David Márquez Pérez 2012 –2017</li>



<li>Juan Manuel Alarcón&nbsp; &nbsp;2017 &#8211; 2020</li>



<li>Enrique Barrachina Enríquez 2020-2022</li>
</ul>



<p>En els últims temps, en les edicions 2021 i 2022, la banda juvenil ha representat l&#8217;agrupació en els Concerts d&#8217;Intercanvi que organitza la FSMCV juntament amb la GVA, i participa tot els anys en el tradicional concert de Santa Cecília, a més d&#8217;oferir diversos concerts/audicions al llarg del curs escolar.</p>



<p>Actualment la nostra juvenil continua formant-se sota la batuta d’<strong>Elena Simón Agudo</strong>, directora titular,i compta amb una plantilla de més de 30 educands i educandes d&#8217;edats molt diverses, entre infants, adolescents i adults. En determinades ocasions alguns músics de la banda titular reforcen la juvenil per millorar la qualitat de les interpretacions. </p>



<p>Hi ha sessions que combinen classe i assajos tots els dijous de 20 a 21:30 h.</p>



<div class="wp-block-columns is-layout-flex wp-container-core-columns-is-layout-9d6595d7 wp-block-columns-is-layout-flex">
<div class="wp-block-column is-layout-flow wp-block-column-is-layout-flow">
<figure class="wp-block-image size-large is-resized"><img loading="lazy" decoding="async" width="1024" height="515" src="http://santaceciliadelgrao.com/wp-content/uploads/2022/10/WhatsApp-Image-2022-09-15-at-18.50.08-e1664736590461-1024x515.jpeg" alt="" class="wp-image-2144" style="width:402px;height:202px" srcset="http://santaceciliadelgrao.com/wp-content/uploads/2022/10/WhatsApp-Image-2022-09-15-at-18.50.08-e1664736590461-1024x515.jpeg 1024w, http://santaceciliadelgrao.com/wp-content/uploads/2022/10/WhatsApp-Image-2022-09-15-at-18.50.08-e1664736590461-300x151.jpeg 300w, http://santaceciliadelgrao.com/wp-content/uploads/2022/10/WhatsApp-Image-2022-09-15-at-18.50.08-e1664736590461-768x386.jpeg 768w, http://santaceciliadelgrao.com/wp-content/uploads/2022/10/WhatsApp-Image-2022-09-15-at-18.50.08-e1664736590461-1536x772.jpeg 1536w, http://santaceciliadelgrao.com/wp-content/uploads/2022/10/WhatsApp-Image-2022-09-15-at-18.50.08-e1664736590461-1920x965.jpeg 1920w, http://santaceciliadelgrao.com/wp-content/uploads/2022/10/WhatsApp-Image-2022-09-15-at-18.50.08-e1664736590461.jpeg 2048w" sizes="auto, (max-width: 1024px) 100vw, 1024px" /><figcaption class="wp-element-caption">Primavera 2022</figcaption></figure>
</div>



<div class="wp-block-column is-layout-flow wp-block-column-is-layout-flow">
<figure class="wp-block-image size-large is-resized"><img loading="lazy" decoding="async" width="1024" height="461" src="http://santaceciliadelgrao.com/wp-content/uploads/2022/10/WhatsApp-Image-2022-10-02-at-20.35.15-1024x461.jpeg" alt="" class="wp-image-2146" style="width:411px;height:184px" srcset="http://santaceciliadelgrao.com/wp-content/uploads/2022/10/WhatsApp-Image-2022-10-02-at-20.35.15-1024x461.jpeg 1024w, http://santaceciliadelgrao.com/wp-content/uploads/2022/10/WhatsApp-Image-2022-10-02-at-20.35.15-300x135.jpeg 300w, http://santaceciliadelgrao.com/wp-content/uploads/2022/10/WhatsApp-Image-2022-10-02-at-20.35.15-768x346.jpeg 768w, http://santaceciliadelgrao.com/wp-content/uploads/2022/10/WhatsApp-Image-2022-10-02-at-20.35.15-1536x691.jpeg 1536w, http://santaceciliadelgrao.com/wp-content/uploads/2022/10/WhatsApp-Image-2022-10-02-at-20.35.15.jpeg 1600w" sizes="auto, (max-width: 1024px) 100vw, 1024px" /><figcaption class="wp-element-caption">Fi de curs 2022</figcaption></figure>
</div>
</div>



<div class="wp-block-columns is-layout-flex wp-container-core-columns-is-layout-9d6595d7 wp-block-columns-is-layout-flex">
<div class="wp-block-column is-layout-flow wp-block-column-is-layout-flow">
<figure class="wp-block-image size-large"><img loading="lazy" decoding="async" width="1024" height="683" src="http://santaceciliadelgrao.com/wp-content/uploads/2022/10/WhatsApp-Image-2022-10-02-at-20.32.59-e1664736620487-1024x683.jpeg" alt="" class="wp-image-2145" srcset="http://santaceciliadelgrao.com/wp-content/uploads/2022/10/WhatsApp-Image-2022-10-02-at-20.32.59-e1664736620487-1024x683.jpeg 1024w, http://santaceciliadelgrao.com/wp-content/uploads/2022/10/WhatsApp-Image-2022-10-02-at-20.32.59-e1664736620487-300x200.jpeg 300w, http://santaceciliadelgrao.com/wp-content/uploads/2022/10/WhatsApp-Image-2022-10-02-at-20.32.59-e1664736620487-768x512.jpeg 768w, http://santaceciliadelgrao.com/wp-content/uploads/2022/10/WhatsApp-Image-2022-10-02-at-20.32.59-e1664736620487-1536x1024.jpeg 1536w, http://santaceciliadelgrao.com/wp-content/uploads/2022/10/WhatsApp-Image-2022-10-02-at-20.32.59-e1664736620487-1620x1080.jpeg 1620w, http://santaceciliadelgrao.com/wp-content/uploads/2022/10/WhatsApp-Image-2022-10-02-at-20.32.59-e1664736620487.jpeg 1785w" sizes="auto, (max-width: 1024px) 100vw, 1024px" /><figcaption class="wp-element-caption">Trobades escoles música 2022</figcaption></figure>
</div>



<div class="wp-block-column is-layout-flow wp-block-column-is-layout-flow">
<figure class="wp-block-image size-large"><img loading="lazy" decoding="async" width="1024" height="768" src="http://santaceciliadelgrao.com/wp-content/uploads/2022/12/Banda-juvenil-Nadal-2022-1024x768.jpeg" alt="" class="wp-image-2671" srcset="http://santaceciliadelgrao.com/wp-content/uploads/2022/12/Banda-juvenil-Nadal-2022-1024x768.jpeg 1024w, http://santaceciliadelgrao.com/wp-content/uploads/2022/12/Banda-juvenil-Nadal-2022-300x225.jpeg 300w, http://santaceciliadelgrao.com/wp-content/uploads/2022/12/Banda-juvenil-Nadal-2022-768x576.jpeg 768w, http://santaceciliadelgrao.com/wp-content/uploads/2022/12/Banda-juvenil-Nadal-2022-1536x1152.jpeg 1536w, http://santaceciliadelgrao.com/wp-content/uploads/2022/12/Banda-juvenil-Nadal-2022-1440x1080.jpeg 1440w, http://santaceciliadelgrao.com/wp-content/uploads/2022/12/Banda-juvenil-Nadal-2022.jpeg 1600w" sizes="auto, (max-width: 1024px) 100vw, 1024px" /><figcaption class="wp-element-caption">Nadal 2022</figcaption></figure>
</div>
</div>

<p>El 1994, catorze anys després de la constitució de l&#8217;Agrupació Musical Santa Cecília del Grau, va nàixer la banda juvenil i d&#8217;educands&nbsp;amb la finalitat de formar l&#8217;alumnat de l&#8217;escola de cara a la seua&nbsp;futura incorporació a la banda titular. Al llarg de la&nbsp;seua trajectòria ha participat en nombrosos concerts acompanyant la banda titular en els&hellip; <br /> <a class="button small blue" href="http://santaceciliadelgrao.com/?page_id=1230">Read more</a></p>
