{"id":1109,"date":"2022-03-14T18:03:30","date_gmt":"2022-03-14T18:03:30","guid":{"rendered":"http:\/\/santaceciliadelgrao.com\/?page_id=1109"},"modified":"2023-09-08T16:49:50","modified_gmt":"2023-09-08T16:49:50","slug":"les-nostres-instal%c2%b7lacions","status":"publish","type":"page","link":"http:\/\/santaceciliadelgrao.com\/?page_id=1109","title":{"rendered":"Les nostres instal\u00b7lacions"},"content":{"rendered":"<div class=\"wp-block-image\">\n<figure class=\"aligncenter size-large\"><img loading=\"lazy\" decoding=\"async\" width=\"1024\" height=\"323\" src=\"http:\/\/santaceciliadelgrao.com\/wp-content\/uploads\/2022\/09\/Mural-1024x323.jpeg\" alt=\"\" class=\"wp-image-2077\" srcset=\"http:\/\/santaceciliadelgrao.com\/wp-content\/uploads\/2022\/09\/Mural-1024x323.jpeg 1024w, http:\/\/santaceciliadelgrao.com\/wp-content\/uploads\/2022\/09\/Mural-300x95.jpeg 300w, http:\/\/santaceciliadelgrao.com\/wp-content\/uploads\/2022\/09\/Mural-768x242.jpeg 768w, http:\/\/santaceciliadelgrao.com\/wp-content\/uploads\/2022\/09\/Mural.jpeg 1536w\" sizes=\"auto, (max-width: 1024px) 100vw, 1024px\" \/><figcaption class=\"wp-element-caption\"><em>Mural elaborat en el pati de la seu de M\u00e9ndez N\u00fa\u00f1ez<\/em><\/figcaption><\/figure>\n<\/div>\n\n<p>La nostra societat musical compta amb dos espais on es desenvolupen les diverses activitats de l&#8217;escola i de les diferents agrupacions, tots dos molt pr\u00f2xims entre si: Isaac Peral, 23, i M\u00e9ndez N\u00fa\u00f1ez, 4.<\/p>\n<p>La Secretaria i les aules per als m\u00e9s menuts s&#8217;ubiquen al carrer de M\u00e9ndez N\u00fa\u00f1ez, 4, a m\u00e9s de la sala general d&#8217;assajos i usos m\u00faltiples, i altres aules on s&#8217;impartixen llenguatge musical i les classes d&#8217;instruments. En esta seu tamb\u00e9 se situa l&#8217;aula de cor i podem gaudir d&#8217;un pati ben ampli on celebrem concerts, audicions i esdeveniments socials de l&#8217;agrupaci\u00f3.\u00a0<\/p>\n\n\n<figure class=\"wp-block-video\"><video height=\"1080\" style=\"aspect-ratio: 1920 \/ 1080;\" width=\"1920\" controls src=\"http:\/\/santaceciliadelgrao.com\/wp-content\/uploads\/2022\/12\/Installacions.mp4\"><\/video><\/figure>\n","protected":false},"excerpt":{"rendered":"<p>La nostra societat musical compta amb dos espais on es desenvolupen les diverses activitats de l&#8217;escola i de les diferents agrupacions, tots dos molt pr\u00f2xims entre si: Isaac Peral, 23, i M\u00e9ndez N\u00fa\u00f1ez, 4. La Secretaria i les aules per als m\u00e9s menuts s&#8217;ubiquen al carrer de M\u00e9ndez N\u00fa\u00f1ez, 4, a m\u00e9s de la sala&hellip; <br \/> <a class=\"button small blue\" href=\"http:\/\/santaceciliadelgrao.com\/?page_id=1109\">Read more<\/a><\/p>\n","protected":false},"author":1,"featured_media":0,"parent":0,"menu_order":0,"comment_status":"closed","ping_status":"closed","template":"","meta":{"footnotes":""},"class_list":["post-1109","page","type-page","status-publish","hentry"],"_links":{"self":[{"href":"http:\/\/santaceciliadelgrao.com\/index.php?rest_route=\/wp\/v2\/pages\/1109","targetHints":{"allow":["GET"]}}],"collection":[{"href":"http:\/\/santaceciliadelgrao.com\/index.php?rest_route=\/wp\/v2\/pages"}],"about":[{"href":"http:\/\/santaceciliadelgrao.com\/index.php?rest_route=\/wp\/v2\/types\/page"}],"author":[{"embeddable":true,"href":"http:\/\/santaceciliadelgrao.com\/index.php?rest_route=\/wp\/v2\/users\/1"}],"replies":[{"embeddable":true,"href":"http:\/\/santaceciliadelgrao.com\/index.php?rest_route=%2Fwp%2Fv2%2Fcomments&post=1109"}],"version-history":[{"count":6,"href":"http:\/\/santaceciliadelgrao.com\/index.php?rest_route=\/wp\/v2\/pages\/1109\/revisions"}],"predecessor-version":[{"id":3233,"href":"http:\/\/santaceciliadelgrao.com\/index.php?rest_route=\/wp\/v2\/pages\/1109\/revisions\/3233"}],"wp:attachment":[{"href":"http:\/\/santaceciliadelgrao.com\/index.php?rest_route=%2Fwp%2Fv2%2Fmedia&parent=1109"}],"curies":[{"name":"wp","href":"https:\/\/api.w.org\/{rel}","templated":true}]}}