{"id":1103,"date":"2022-03-14T18:02:05","date_gmt":"2022-03-14T18:02:05","guid":{"rendered":"http:\/\/santaceciliadelgrao.com\/?page_id=1103"},"modified":"2022-09-16T08:14:49","modified_gmt":"2022-09-16T08:14:49","slug":"comissio-digualtat","status":"publish","type":"page","link":"http:\/\/santaceciliadelgrao.com\/?page_id=1103","title":{"rendered":"Comissi\u00f3 d&#8217;Igualtat"},"content":{"rendered":"\n<div class=\"wp-block-media-text alignwide is-stacked-on-mobile\"><figure class=\"wp-block-media-text__media\"><img loading=\"lazy\" decoding=\"async\" width=\"940\" height=\"788\" src=\"http:\/\/santaceciliadelgrao.com\/wp-content\/uploads\/2022\/03\/Logo-Comissio-Igualtat-2.png\" alt=\"\" class=\"wp-image-1175 size-full\" srcset=\"http:\/\/santaceciliadelgrao.com\/wp-content\/uploads\/2022\/03\/Logo-Comissio-Igualtat-2.png 940w, http:\/\/santaceciliadelgrao.com\/wp-content\/uploads\/2022\/03\/Logo-Comissio-Igualtat-2-300x251.png 300w, http:\/\/santaceciliadelgrao.com\/wp-content\/uploads\/2022\/03\/Logo-Comissio-Igualtat-2-768x644.png 768w\" sizes=\"auto, (max-width: 940px) 100vw, 940px\" \/><\/figure><div class=\"wp-block-media-text__content\">\n<p class=\"has-medium-font-size\">El 23 d\u2019octubre de 2021 es va crear la Comissi\u00f3 d&#8217;Igualtat de la nostra agrupaci\u00f3 amb l&#8217;objectiu principal de:<\/p>\n\n\n\n<ul class=\"has-medium-font-size wp-block-list\"><li>Promoure i fomentar la igualtat d\u2019oportunitats entre dones,&nbsp; homes i col\u00b7lectiu LGTBI dins de l\u2019\u00e0mbit d\u2019actuaci\u00f3 de l\u2019Agrupaci\u00f3 Musical Santa Cec\u00edlia del Grau.<\/li><\/ul>\n\n\n\n<ul class=\"has-medium-font-size wp-block-list\"><li>Treballar per la visibilitat LGTBI i de la dona en el m\u00f3n de la m\u00fasica en general.<\/li><\/ul>\n\n\n\n<p class=\"has-medium-font-size\">FORMEN PART DE LA COMISSI\u00d3<\/p>\n\n\n\n<ul class=\"has-medium-font-size wp-block-list\"><li>Elena Sim\u00f3n<\/li><li>Masi Comeche<\/li><li>Susi Valero<\/li><li>M. Jos\u00e9 Serrano<\/li><li>Maria Orrit<\/li><li>Silvia Blanes<\/li><li>Pilar Carril Avil\u00e9s<\/li><\/ul>\n<\/div><\/div>\n\n\n\n<p><\/p>\n","protected":false},"excerpt":{"rendered":"<p>El 23 d\u2019octubre de 2021 es va crear la Comissi\u00f3 d&#8217;Igualtat de la nostra agrupaci\u00f3 amb l&#8217;objectiu principal de: Promoure i fomentar la igualtat d\u2019oportunitats entre dones,&nbsp; homes i col\u00b7lectiu LGTBI dins de l\u2019\u00e0mbit d\u2019actuaci\u00f3 de l\u2019Agrupaci\u00f3 Musical Santa Cec\u00edlia del Grau. Treballar per la visibilitat LGTBI i de la dona en el m\u00f3n de&hellip; <br \/> <a class=\"button small blue\" href=\"http:\/\/santaceciliadelgrao.com\/?page_id=1103\">Read more<\/a><\/p>\n","protected":false},"author":1,"featured_media":0,"parent":0,"menu_order":0,"comment_status":"closed","ping_status":"closed","template":"","meta":{"footnotes":""},"class_list":["post-1103","page","type-page","status-publish","hentry"],"_links":{"self":[{"href":"http:\/\/santaceciliadelgrao.com\/index.php?rest_route=\/wp\/v2\/pages\/1103","targetHints":{"allow":["GET"]}}],"collection":[{"href":"http:\/\/santaceciliadelgrao.com\/index.php?rest_route=\/wp\/v2\/pages"}],"about":[{"href":"http:\/\/santaceciliadelgrao.com\/index.php?rest_route=\/wp\/v2\/types\/page"}],"author":[{"embeddable":true,"href":"http:\/\/santaceciliadelgrao.com\/index.php?rest_route=\/wp\/v2\/users\/1"}],"replies":[{"embeddable":true,"href":"http:\/\/santaceciliadelgrao.com\/index.php?rest_route=%2Fwp%2Fv2%2Fcomments&post=1103"}],"version-history":[{"count":6,"href":"http:\/\/santaceciliadelgrao.com\/index.php?rest_route=\/wp\/v2\/pages\/1103\/revisions"}],"predecessor-version":[{"id":1903,"href":"http:\/\/santaceciliadelgrao.com\/index.php?rest_route=\/wp\/v2\/pages\/1103\/revisions\/1903"}],"wp:attachment":[{"href":"http:\/\/santaceciliadelgrao.com\/index.php?rest_route=%2Fwp%2Fv2%2Fmedia&parent=1103"}],"curies":[{"name":"wp","href":"https:\/\/api.w.org\/{rel}","templated":true}]}}