{"id":1095,"date":"2022-03-14T17:59:09","date_gmt":"2022-03-14T17:59:09","guid":{"rendered":"http:\/\/santaceciliadelgrao.com\/?page_id=1095"},"modified":"2023-11-02T08:27:27","modified_gmt":"2023-11-02T08:27:27","slug":"historia-de-la-banda","status":"publish","type":"page","link":"http:\/\/santaceciliadelgrao.com\/?page_id=1095","title":{"rendered":"Hist\u00f2ria de la banda"},"content":{"rendered":"<p><img loading=\"lazy\" decoding=\"async\" class=\"alignnone size-full wp-image-1298\" src=\"http:\/\/santaceciliadelgrao.com\/wp-content\/uploads\/2022\/03\/WhatsApp-Image-2022-03-21-at-19.10.11-e1647888142153.jpeg\" alt=\"\" width=\"2048\" height=\"947\" srcset=\"http:\/\/santaceciliadelgrao.com\/wp-content\/uploads\/2022\/03\/WhatsApp-Image-2022-03-21-at-19.10.11-e1647888142153.jpeg 2048w, http:\/\/santaceciliadelgrao.com\/wp-content\/uploads\/2022\/03\/WhatsApp-Image-2022-03-21-at-19.10.11-e1647888142153-300x139.jpeg 300w, http:\/\/santaceciliadelgrao.com\/wp-content\/uploads\/2022\/03\/WhatsApp-Image-2022-03-21-at-19.10.11-e1647888142153-1024x474.jpeg 1024w, http:\/\/santaceciliadelgrao.com\/wp-content\/uploads\/2022\/03\/WhatsApp-Image-2022-03-21-at-19.10.11-e1647888142153-768x355.jpeg 768w, http:\/\/santaceciliadelgrao.com\/wp-content\/uploads\/2022\/03\/WhatsApp-Image-2022-03-21-at-19.10.11-e1647888142153-1536x710.jpeg 1536w, http:\/\/santaceciliadelgrao.com\/wp-content\/uploads\/2022\/03\/WhatsApp-Image-2022-03-21-at-19.10.11-e1647888142153-1920x888.jpeg 1920w\" sizes=\"auto, (max-width: 2048px) 100vw, 2048px\" \/>La banda de Santa Cec\u00edlia del Grau es va fundar en 1980 amb el nom d&#8217;Agrupaci\u00f3 Musical Falla Isaac Peral- M\u00e9ndez N\u00fa\u00f1ez, per\u00f2 no va ser fins a febrer de 1981 quan va realitzar la seua primera actuaci\u00f3 oficial.<\/p>\n<p>Durant els primers anys van ser directors de la banda Vicente Gimeno, Vicente Benavent, Pedro Garc\u00eda Pay\u00e1n i El\u00edas Roger Garc\u00eda, entre d&#8217;altres.<\/p>\n<p>Al gener de 1993 va ser nomenat director de la banda i de l&#8217;escola de m\u00fasica, Vicente Giner Gil, qui va desenvolupar una gran labor que va acabar desembocant en la creaci\u00f3 de la banda juvenil. De setembre de 1996 a desembre de 2000 va agafar la batuta Salvador Rojo Gam\u00f3n i, posteriorment, fins a juliol de 2002, el director titular va ser Jos\u00e9 J. Ricart Fons.<\/p>\n<p>De setembre de 2002 fins a agost de 2006, \u00a0Vicente Giner Gil va tornar a ser el director de l&#8217;Agrupaci\u00f3 i, a partir de setembre de 2006, va agafar el relleu Joan F. Miquel Zan\u00f3n, qui va dirigir la banda fins a juliol de 2016. Fins al dia de hui s&#8217;han anat succeint en el c\u00e0rrec la directora Vivian Guti\u00e9rrez Abreu i els directors Jos\u00e9 Luis Peris Cordellat i Borja Zan\u00f3n Gonz\u00e1lez.<\/p>\n<p>Actualment la batuta de la nostra banda titular est\u00e0 a c\u00e0rrec d&#8217;Adri\u00e0 S\u00e1nchez Castell\u00f3 i compta amb 70 m\u00fasics i m\u00fasiques.<\/p>\n<p>Durant els m\u00e9s de 40 anys de vida de la banda titular, esta ha participat en innombrables actes i campanyes organitzades per diferents entitats, com la Diputaci\u00f3 de Val\u00e8ncia (Retrobem la nostra m\u00fasica, Excel\u00b7lent), l&#8217;Ajuntament de Val\u00e8ncia (Festival de Bandes del Mar\u00edtim, Cultura als Barris), la FSMCV (Concerts d\u2019intercanvi), diversos cicles de concerts en la p\u00e8rgola de la Marina de Val\u00e8ncia, entre d&#8217;altres. Tamb\u00e9 ha participat en el cicle M\u00fasica a la Mar organitzat pel Palau de la M\u00fasica de Val\u00e8ncia i ha col\u00b7laborat en projectes solidaris, com el concert Solidariarte en 2017, a favor de les persones refugiades.<\/p>\n<p>Ha actuat igualment en festivals de bandes de m\u00fasica tant nacionals com fora de les nostres fronteres: Andratx (Mallorca) en 2002,\u00a0 Bernau (Alemanya) en 2005, Landemonti Saint-Brevin (Fran\u00e7a) en 2007, Disneyland Par\u00eds en 2018, Sant Antoni de Portmany (Eivissa) en 2022, entre d&#8217;altres.<\/p>\n<p>A m\u00e9s dels tradicionals concerts que oferix en les festes de Santa Cecilia i Nadal, tamb\u00e9 participa habitualment en diferents festivitats de la ciutat com en les cercaviles de Falles, Setmana Santa, Corpus o festes de moros i cristians.<\/p>\n<p>En 2021 grava el seu primer CD amb Adri\u00e0 S\u00e1nchez com a director musical. A m\u00e9s, este mateix octubre de 2022 s&#8217;ha al\u00e7at amb un primer premi i menci\u00f3 d&#8217;honor en el Certamen de Bandes de la Diputaci\u00f3 de Val\u00e8ncia celebrat a Ll\u00edria.<\/p>\n<p>Els assajos es duen a terme tots els dimarts, de 20 h a 22 h, i els divendres, de 22 h a 24 h en el local de M\u00e9ndez N\u00fa\u00f1ez.<\/p>\n\n\n<div class=\"wp-block-columns is-layout-flex wp-container-core-columns-is-layout-9d6595d7 wp-block-columns-is-layout-flex\">\n<div class=\"wp-block-column is-layout-flow wp-block-column-is-layout-flow\" style=\"flex-basis:100%\">\n<div class=\"wp-block-group\"><div class=\"wp-block-group__inner-container is-layout-flow wp-block-group-is-layout-flow\">\n<div class=\"wp-block-columns is-layout-flex wp-container-core-columns-is-layout-9d6595d7 wp-block-columns-is-layout-flex\">\n<div class=\"wp-block-column is-layout-flow wp-block-column-is-layout-flow\" style=\"flex-basis:50%\">\n<figure class=\"wp-block-gallery has-nested-images columns-default is-cropped wp-block-gallery-1 is-layout-flex wp-block-gallery-is-layout-flex\">\n<figure class=\"wp-block-image size-large\"><img loading=\"lazy\" decoding=\"async\" width=\"5184\" height=\"2822\" data-id=\"511\" src=\"http:\/\/santaceciliadelgrao.com\/wp-content\/uploads\/2019\/03\/MG_8041-1.jpg\" alt=\"\" class=\"wp-image-511\" srcset=\"http:\/\/santaceciliadelgrao.com\/wp-content\/uploads\/2019\/03\/MG_8041-1.jpg 5184w, http:\/\/santaceciliadelgrao.com\/wp-content\/uploads\/2019\/03\/MG_8041-1-300x163.jpg 300w, http:\/\/santaceciliadelgrao.com\/wp-content\/uploads\/2019\/03\/MG_8041-1-768x418.jpg 768w, http:\/\/santaceciliadelgrao.com\/wp-content\/uploads\/2019\/03\/MG_8041-1-1024x557.jpg 1024w, http:\/\/santaceciliadelgrao.com\/wp-content\/uploads\/2019\/03\/MG_8041-1-1920x1045.jpg 1920w\" sizes=\"auto, (max-width: 5184px) 100vw, 5184px\" \/><\/figure>\n<\/figure>\n<\/div>\n\n\n\n<div class=\"wp-block-column is-layout-flow wp-block-column-is-layout-flow\" style=\"flex-basis:50%\">\n<figure class=\"wp-block-image size-full\"><img loading=\"lazy\" decoding=\"async\" width=\"798\" height=\"470\" src=\"http:\/\/santaceciliadelgrao.com\/wp-content\/uploads\/2022\/03\/entrada-bandes.jpg\" alt=\"\" class=\"wp-image-1238\" srcset=\"http:\/\/santaceciliadelgrao.com\/wp-content\/uploads\/2022\/03\/entrada-bandes.jpg 798w, http:\/\/santaceciliadelgrao.com\/wp-content\/uploads\/2022\/03\/entrada-bandes-300x177.jpg 300w, http:\/\/santaceciliadelgrao.com\/wp-content\/uploads\/2022\/03\/entrada-bandes-768x452.jpg 768w\" sizes=\"auto, (max-width: 798px) 100vw, 798px\" \/><\/figure>\n<\/div>\n<\/div>\n<\/div><\/div>\n<\/div>\n<\/div>\n","protected":false},"excerpt":{"rendered":"<p>La banda de Santa Cec\u00edlia del Grau es va fundar en 1980 amb el nom d&#8217;Agrupaci\u00f3 Musical Falla Isaac Peral- M\u00e9ndez N\u00fa\u00f1ez, per\u00f2 no va ser fins a febrer de 1981 quan va realitzar la seua primera actuaci\u00f3 oficial. Durant els primers anys van ser directors de la banda Vicente Gimeno, Vicente Benavent, Pedro Garc\u00eda&hellip; <br \/> <a class=\"button small blue\" href=\"http:\/\/santaceciliadelgrao.com\/?page_id=1095\">Read more<\/a><\/p>\n","protected":false},"author":1,"featured_media":0,"parent":0,"menu_order":0,"comment_status":"closed","ping_status":"closed","template":"","meta":{"footnotes":""},"class_list":["post-1095","page","type-page","status-publish","hentry"],"_links":{"self":[{"href":"http:\/\/santaceciliadelgrao.com\/index.php?rest_route=\/wp\/v2\/pages\/1095","targetHints":{"allow":["GET"]}}],"collection":[{"href":"http:\/\/santaceciliadelgrao.com\/index.php?rest_route=\/wp\/v2\/pages"}],"about":[{"href":"http:\/\/santaceciliadelgrao.com\/index.php?rest_route=\/wp\/v2\/types\/page"}],"author":[{"embeddable":true,"href":"http:\/\/santaceciliadelgrao.com\/index.php?rest_route=\/wp\/v2\/users\/1"}],"replies":[{"embeddable":true,"href":"http:\/\/santaceciliadelgrao.com\/index.php?rest_route=%2Fwp%2Fv2%2Fcomments&post=1095"}],"version-history":[{"count":7,"href":"http:\/\/santaceciliadelgrao.com\/index.php?rest_route=\/wp\/v2\/pages\/1095\/revisions"}],"predecessor-version":[{"id":3358,"href":"http:\/\/santaceciliadelgrao.com\/index.php?rest_route=\/wp\/v2\/pages\/1095\/revisions\/3358"}],"wp:attachment":[{"href":"http:\/\/santaceciliadelgrao.com\/index.php?rest_route=%2Fwp%2Fv2%2Fmedia&parent=1095"}],"curies":[{"name":"wp","href":"https:\/\/api.w.org\/{rel}","templated":true}]}}